{"id":928,"date":"2010-05-06T12:21:49","date_gmt":"2010-05-06T11:21:49","guid":{"rendered":"http:\/\/ritmy.fr\/blog\/?page_id=94"},"modified":"2025-09-02T18:54:30","modified_gmt":"2025-09-02T17:54:30","slug":"19-mars-2011-2","status":"publish","type":"page","link":"https:\/\/ritmy.fr\/essais\/concerts-2\/19-mars-2011-2\/","title":{"rendered":"SHANI DILUKA"},"content":{"rendered":"<h1><span style=\"color: #ff0000;\">\u00c9GLISE SAINT DENIS, M\u00c9R\u00c9, 19 mars 2011<\/span><\/h1>\n<p><a href=\"https:\/\/ritmy.fr\/essais\/wp-content\/uploads\/2011\/02\/shani3.jpg\"><img loading=\"lazy\" decoding=\"async\" class=\" wp-image-1833 alignleft\" alt=\"shani3\" src=\"https:\/\/ritmy.fr\/essais\/wp-content\/uploads\/2011\/02\/shani3.jpg\" width=\"270\" height=\"360\" srcset=\"https:\/\/ritmy.fr\/essais\/wp-content\/uploads\/2011\/02\/shani3.jpg 375w, https:\/\/ritmy.fr\/essais\/wp-content\/uploads\/2011\/02\/shani3-225x300.jpg 225w\" sizes=\"auto, (max-width: 270px) 100vw, 270px\" \/><\/a><\/p>\n<p><strong>SHANI DILUKA, issue de deux cultures, sri lankaise et mon\u00e9gasque, fut \u00ab\u00a0d\u00e9tect\u00e9e\u00a0\u00bb tr\u00e8s t\u00f4t par la Princesse GR\u00c2CE de Monaco, \u00e0 l&rsquo;occasion d&rsquo;un concours dont l&rsquo;objet \u00e9taient de mettre en valeur les\u00a0pr\u00e9dispositions musicales de tr\u00e8s jeunes interpr\u00e8tes. <\/strong><\/p>\n<p><strong>Le programme artistique de cette comp\u00e9tition s\u00e9lective avait \u00e9t\u00e9 \u00a0\u00e9tabli par la\u2028Princesse elle-m\u00eame. Elle fut donc tr\u00e8s sensible \u00e0 l&rsquo;ex\u00e9cution brillante, assur\u00e9e et d\u00e9j\u00e0 sensible de la pr\u00e9coce Shani.<\/strong><\/p>\n<p><strong>Travaillant tr\u00e8s intens\u00e9ment, Shani DILUKA joue \u00e0 12 ans en premi\u00e8re partie d\u2019H\u00e9l\u00e8ne Grimaud, et \u00e0 13 ans le chef d\u2019Orchestre Laurence Foster lui propose d\u2019aller suivre des \u00e9tudes \u00e0 la Julliard School de New York.<\/strong><\/p>\n<p><strong>Ensuite, elle a altern\u00e9 perfectionnement intensif et interpr\u00e9tations publiques\u2026 <\/strong><\/p>\n<p style=\"text-align: center;\"><object width=\"580\" height=\"360\" classid=\"clsid:d27cdb6e-ae6d-11cf-96b8-444553540000\" codebase=\"http:\/\/download.macromedia.com\/pub\/shockwave\/cabs\/flash\/swflash.cab#version=6,0,40,0\"><param name=\"allowFullScreen\" value=\"true\" \/><param name=\"allowscriptaccess\" value=\"always\" \/><param name=\"src\" value=\"http:\/\/www.youtube.com\/v\/ewLmCETf1HU&amp;hl=fr_FR&amp;fs=1&amp;rel=0&amp;color1=0x2b405b&amp;color2=0x6b8ab6&amp;border=1\" \/><param name=\"allowfullscreen\" value=\"true\" \/><embed width=\"580\" height=\"360\" type=\"application\/x-shockwave-flash\" src=\"http:\/\/www.youtube.com\/v\/ewLmCETf1HU&amp;hl=fr_FR&amp;fs=1&amp;rel=0&amp;color1=0x2b405b&amp;color2=0x6b8ab6&amp;border=1\" allowFullScreen=\"true\" allowscriptaccess=\"always\" allowfullscreen=\"true\" \/><\/object><\/p>\n<div>Premi\u00e8re nomm\u00e9e durant tout son parcours, \u00e0 l\u2019acad\u00e9mie Prince Rainier III de Monaco, au CNR de Nice au conservatoire National Sup\u00e9rieur de Paris o\u00f9 elle pousse jusqu&rsquo;au cycle de perfectionnement, SHANY DILUKA n&rsquo;en suit pas moins, \u00a0en parall\u00e8le et en toute discr\u00e9tion, une formation de Sciences Politiques. <a href=\"https:\/\/ritmy.fr\/essais\/wp-content\/uploads\/2011\/02\/shani211.jpg\"><img loading=\"lazy\" decoding=\"async\" class=\"alignright size-full wp-image-1838\" title=\"shani2\" alt=\"\" src=\"https:\/\/ritmy.fr\/essais\/wp-content\/uploads\/2011\/02\/shani211.jpg\" width=\"300\" height=\"270\" \/><\/a><\/div>\n<div id=\"_mcePaste\">Reconnue par les plus grands (Fleisher, Perahia, Pressler ou Pires), et par la presse qui la qualifie d\u2019une des grandes de sa g\u00e9n\u00e9ration, Shani DILUKA poursuit aujourd&rsquo;hui une carri\u00e8re la menant de Tokyo \u00e0 Rome, de New Dehli \u00e0 Paris.\u2028 Ayant comme partenaires de prestigieux orchestres, tels le Philharmonique de Radio France, le Symphonia de Varsovie, l&rsquo;orchestre National de Bordeaux Aquitaine ou l&rsquo;Orchestre de Monte-Carlo, Shani DILUKA r\u00e9colte les r\u00e9compenses d\u00e8s ses premi\u00e8res apparitions discographiques (Prix MEZZO de la r\u00e9daction, 10\/10 Classics Today, S\u00e9lection France Musique, RTL d\u2019Or, Coup de c\u0153ur Harmonia Mundi).<\/div>\n<div id=\"_mcePaste\">Une phase importante de la carri\u00e8re de Shani Diluka s\u2019engage avec l\u2019enregistrement en 2010 de l\u2019int\u00e9grale des concertos pour piano de Beethoven avec l&rsquo;Orchestre National de Bordeaux Aquitaine. D\u2019autres projets marquants alimenteront une saison riche en \u00e9v\u00e9nements avec le tournage fin 2009 d\u2019un documentaire \u00ab roadmovie \u00bb en Inde produit par la t\u00e9l\u00e9vision fran\u00e7aise ou bien encore une Carte blanche \u00e0 la Maison de la Musique de Nanterre sur la saison 2009\/2010 avec trois rendez-vous musicaux \u00e0 th\u00e8mes.<\/div>\n<p><a href=\"https:\/\/ritmy.fr\/essais\/wp-content\/uploads\/2011\/02\/shani1.jpg\"><img loading=\"lazy\" decoding=\"async\" class=\"alignleft size-full wp-image-1835\" title=\"shani1\" alt=\"\" src=\"https:\/\/ritmy.fr\/essais\/wp-content\/uploads\/2011\/02\/shani1.jpg\" width=\"288\" height=\"290\" srcset=\"https:\/\/ritmy.fr\/essais\/wp-content\/uploads\/2011\/02\/shani1.jpg 288w, https:\/\/ritmy.fr\/essais\/wp-content\/uploads\/2011\/02\/shani1-150x150.jpg 150w\" sizes=\"auto, (max-width: 288px) 100vw, 288px\" \/><\/a>Premiers prix, premi\u00e8re nomm\u00e9e durant tout son parcours : de l\u2019acad\u00e9mie Prince Rainier III de Monaco, du CNR de Nice et du conservatoire National Sup\u00e9rieur de Paris, jusqu&rsquo;au cycle de perfectionnement dans cette m\u00eame institution, elle suit discr\u00e8tement une formation de sciences politiques en parall\u00e8le.\u00a0d\u2019Anth\u00e9ron o\u00f9 elle est l&rsquo;une des grandes fid\u00e8les, le Koncertgebow d\u2019Amsterdam, le festival Chopin de Bagatelles, la Fenice \u00e0 Venise, ou encore le festival de Davos.<br \/>\nReconnue par les plus grands (Fleisher, Perahia, Pressler ou Pires), et par la presse qui la qualifie d\u2019une des grandes de sa g\u00e9n\u00e9ration, Shani DILUKA poursuit aujourd&rsquo;hui une carri\u00e8re la menant de Tokyo \u00e0 Rome, de New Dehli \u00e0 Paris.\u2028 Ayant comme partenaires de prestigieux orchestres, tels le Philharmonique de Radio France, le Symphonia de Varsovie, l&rsquo;orchestre National de Bordeaux Aquitaine ou l&rsquo;Orchestre de Monte-Carlo, Shani DILUKA r\u00e9colte les r\u00e9compenses d\u00e8s ses premi\u00e8res apparitions discographiques (Prix MEZZO de la r\u00e9daction, 10\/10 Classics Today, S\u00e9lection France Musique, RTL d\u2019Or, Coup de c\u0153ur Harmonia Mundi).<br \/>\nUne phase importante de la carri\u00e8re de Shani Diluka s\u2019engage avec l\u2019enregistrement en 2010 de l\u2019int\u00e9grale des concertos pour piano de Beethoven avec l&rsquo;Orchestre National de Bordeaux Aquitaine. D\u2019autres projets marquants alimenteront une saison riche en \u00e9v\u00e9nements avec le tournage fin 2009 d\u2019un documentaire \u00ab roadmovie \u00bb en Inde produit par la t\u00e9l\u00e9vision fran\u00e7aise ou bien encore une Carte blanche \u00e0 la Maison de la Musique de Nanterre sur la saison 2009\/2010 avec trois rendez-vous musicaux \u00e0 th\u00e8mes.<\/p>\n<p style=\"text-align: left;\"><strong>Alain DUAULT a consacr\u00e9, sur FRANCE 3 un documentaire \u00e0 Shani DILUKA\u2026 Le voici, en trois partie\u2026<\/strong><\/p>\n<p style=\"text-align: center;\"><strong><\/strong><br \/>\n<object width=\"580\" height=\"465\" classid=\"clsid:d27cdb6e-ae6d-11cf-96b8-444553540000\" codebase=\"http:\/\/download.macromedia.com\/pub\/shockwave\/cabs\/flash\/swflash.cab#version=6,0,40,0\"><param name=\"allowFullScreen\" value=\"true\" \/><param name=\"allowscriptaccess\" value=\"always\" \/><param name=\"src\" value=\"http:\/\/www.youtube.com\/v\/UuaOT3crBjo?fs=1&amp;hl=fr_FR\" \/><param name=\"allowfullscreen\" value=\"true\" \/><embed width=\"580\" height=\"465\" type=\"application\/x-shockwave-flash\" src=\"http:\/\/www.youtube.com\/v\/UuaOT3crBjo?fs=1&amp;hl=fr_FR\" allowFullScreen=\"true\" allowscriptaccess=\"always\" allowfullscreen=\"true\" \/><\/object><br \/>\nLa premi\u00e8re suite\u2026<\/p>\n<p style=\"text-align: center;\"><object width=\"580\" height=\"465\" classid=\"clsid:d27cdb6e-ae6d-11cf-96b8-444553540000\" codebase=\"http:\/\/download.macromedia.com\/pub\/shockwave\/cabs\/flash\/swflash.cab#version=6,0,40,0\"><param name=\"allowFullScreen\" value=\"true\" \/><param name=\"allowscriptaccess\" value=\"always\" \/><param name=\"src\" value=\"http:\/\/www.youtube.com\/v\/GJHLnQQs2V4?fs=1&amp;hl=fr_FR\" \/><param name=\"allowfullscreen\" value=\"true\" \/><embed width=\"580\" height=\"465\" type=\"application\/x-shockwave-flash\" src=\"http:\/\/www.youtube.com\/v\/GJHLnQQs2V4?fs=1&amp;hl=fr_FR\" allowFullScreen=\"true\" allowscriptaccess=\"always\" allowfullscreen=\"true\" \/><\/object><\/p>\n<p style=\"text-align: center;\">La derni\u00e8re suite\u2026<br \/>\n<object width=\"580\" height=\"465\" classid=\"clsid:d27cdb6e-ae6d-11cf-96b8-444553540000\" codebase=\"http:\/\/download.macromedia.com\/pub\/shockwave\/cabs\/flash\/swflash.cab#version=6,0,40,0\"><param name=\"allowFullScreen\" value=\"true\" \/><param name=\"allowscriptaccess\" value=\"always\" \/><param name=\"src\" value=\"http:\/\/www.youtube.com\/v\/iYyxynO9Mq8?fs=1&amp;hl=fr_FR\" \/><param name=\"allowfullscreen\" value=\"true\" \/><embed width=\"580\" height=\"465\" type=\"application\/x-shockwave-flash\" src=\"http:\/\/www.youtube.com\/v\/iYyxynO9Mq8?fs=1&amp;hl=fr_FR\" allowFullScreen=\"true\" allowscriptaccess=\"always\" allowfullscreen=\"true\" \/><\/object><\/p>\n<p style=\"text-align: left;\">Enfin, si vous voulez d&rsquo;ores et d\u00e9j\u00e0 vous procurez des enregistrements de Shani DILUKA, voici la page de la <a href=\"http:\/\/recherche.fnac.com\/ia628066\/Shani-Diluka\"><strong><span style=\"color: #000080;\">FNAC<\/span><\/strong><\/a> qui vous permettra de les commander directement <a href=\"http:\/\/recherche.fnac.com\/ia628066\/Shani-Diluka\"><span style=\"color: #000080;\"><strong>CLIQUEZ ICI<\/strong><\/span><\/a><\/p>\n<h2><span style=\"color: #ff0000;\">CE 21 MARS \u00c0 M\u00c9R\u00c9\u2026<\/span><\/h2>\n<p>&nbsp;<\/p>\n<p><a href=\"https:\/\/ritmy.fr\/essais\/wp-content\/uploads\/2011\/03\/Concert-RITMY-Shani-DILUKA-GP1.jpg\"><img loading=\"lazy\" decoding=\"async\" class=\" wp-image-2411 alignleft\" alt=\"Concert RITMY Shani DILUKA GP1\" src=\"https:\/\/ritmy.fr\/essais\/wp-content\/uploads\/2011\/03\/Concert-RITMY-Shani-DILUKA-GP1.jpg\" width=\"336\" height=\"223\" srcset=\"https:\/\/ritmy.fr\/essais\/wp-content\/uploads\/2011\/03\/Concert-RITMY-Shani-DILUKA-GP1.jpg 480w, https:\/\/ritmy.fr\/essais\/wp-content\/uploads\/2011\/03\/Concert-RITMY-Shani-DILUKA-GP1-300x199.jpg 300w\" sizes=\"auto, (max-width: 336px) 100vw, 336px\" \/><\/a><\/p>\n<p>\u2026il y avait trois absents de marque dans la charmante \u00e9glise de M\u00e9r\u00e9, remplie d&rsquo;une foule attentive et captiv\u00e9e par l&rsquo;extraordinaire pianiste <strong>SHANI DILUKA<\/strong>\u2026 <strong>RITMY<\/strong>, et l&rsquo;agissante <strong>ASCL <\/strong>de M\u00e9r\u00e9 qui a r\u00e9alis\u00e9 un sans faute, l&rsquo;avait invit\u00e9e pour le dernier concert des XXI\u00b0 Saisons Musicales, sachant quel cadeau elles feraient \u00e0 leurs fid\u00e8les\u2026<br \/>\nLes trois absents n&rsquo;\u00e9taient autres que, pr\u00e9cis\u00e9ment, <strong>CHOPIN<\/strong>, <strong>SCHUMANN<\/strong> et <strong>MENDESSOHN<\/strong>\u2026<br \/>\nAh ! N&rsquo;interpr\u00e9tez pas mal ce propos. Ne pensez pas une seconde que leur esprit \u00e9tait absent de l&rsquo;ex\u00e9cution que les privil\u00e9gi\u00e9s de ce beau soir ont pu entendre. Au contraire ! On aurait aim\u00e9 que ces trois compositeurs, par ailleurs merveilleux pianistes, prennent pour une fois du recul et soient spectateurs de leurs propres \u0153uvres, jou\u00e9es de cette fa\u00e7on l\u00e0\u2026<\/p>\n<p><a href=\"https:\/\/ritmy.fr\/essais\/wp-content\/uploads\/2011\/11\/Shani-DILUKA-Gaveau-27-nov-11-002.jpg\"><img loading=\"lazy\" decoding=\"async\" class=\" wp-image-5461 alignright\" alt=\"Shani DILUKA Gaveau 27 nov 11 002\" src=\"https:\/\/ritmy.fr\/essais\/wp-content\/uploads\/2011\/11\/Shani-DILUKA-Gaveau-27-nov-11-002.jpg\" width=\"288\" height=\"216\" srcset=\"https:\/\/ritmy.fr\/essais\/wp-content\/uploads\/2011\/11\/Shani-DILUKA-Gaveau-27-nov-11-002.jpg 480w, https:\/\/ritmy.fr\/essais\/wp-content\/uploads\/2011\/11\/Shani-DILUKA-Gaveau-27-nov-11-002-300x225.jpg 300w\" sizes=\"auto, (max-width: 288px) 100vw, 288px\" \/><\/a><\/p>\n<p><strong>CHOPIN<\/strong>, par exemple, aurait \u00e9t\u00e9 surpris de sentir combien ses Nocturnes ont quelque chose de profond\u00e9ment discursif, se laissant aller aux volutes de ses m\u00e9lodies, si l\u00e9g\u00e8res qu&rsquo;elles partent, s&rsquo;envolent et d&rsquo;un seul coup changent de cap, de couleurs, comme si une autre id\u00e9e, plus brillante, plus forte ou plus douloureuse, se pr\u00e9sentait \u00e0 l&rsquo;esprit de Fr\u00e9d\u00e9ric, abandonnant tout le reste. Est-ce d\u00e9cousu, pour autant ? L\u00e0 est le tour de force\u2026 Pas du tout ! Simplement, si l&rsquo;on ose dire, tout instant a sa densit\u00e9, son \u00e9motion, sa vigueur, sa tendresse\u2026 Et l&rsquo;on se laisse emporter par ce discours d&rsquo;une \u00e2me \u00e9trill\u00e9e qui cherche dans l&rsquo;expression musicale, m\u00e9lodique, harmonique, \u00e0 nous int\u00e9resser non \u00e0 elle mais \u00e0 ses sentiments\u2026<\/p>\n<p>&nbsp;<\/p>\n<p><a href=\"https:\/\/ritmy.fr\/essais\/wp-content\/uploads\/2011\/11\/shani.jpg\"><img loading=\"lazy\" decoding=\"async\" class=\" wp-image-5422 alignleft\" alt=\"shani\" src=\"https:\/\/ritmy.fr\/essais\/wp-content\/uploads\/2011\/11\/shani.jpg\" width=\"110\" height=\"151\" \/><\/a><\/p>\n<p>Pour <strong>SCHUMANN<\/strong>, nous f\u00fbmes \u00e9merveill\u00e9s d&rsquo;entendre cette Arabesque opus 18 comme pour la premi\u00e8re fois tant elle \u00e9tait, sous les doigts de SHANI, pleine de surprises et de lyrisme\u2026 Car cette pi\u00e8ce qui commence fluide et galopante comme un li\u00e8vre dans un champ, devient soudain grave et poignante\u2026 revient \u00e0 la l\u00e9g\u00e8ret\u00e9 pour mieux creuser encore l&rsquo;angoisse et la peur qu&rsquo;elle laisse percevoir \u00e0 fleur de notes. Et pourtant cette Arabesque, nous la connaissons par c\u0153ur tant nous l&rsquo;avons entendue, par HOROWTIZ, WEISSENBERG, KEMPF pour ne citer que quelques uns de ses plus c\u00e9l\u00e8bres interpr\u00e8tes discographiques.\u2026 Mais nous e\u00fbmes, pr\u00e9sent supr\u00eame, une \u00ab\u00a0revisitation\u00a0\u00bb compl\u00e8te de cette \u0153uvre plus \u00e9motive et au bord du pr\u00e9cipice de la raison qu&rsquo;elle peut para\u00eetre\u2026<\/p>\n<p>Quant \u00e0 <strong>MENDELSSOHN<\/strong>, il est apparu comme il est, <em>romantique ma non troppo<\/em>\u2026 Espi\u00e8gle, malicieux, \u00e0 la qu\u00eate de la joie, du plaisir que procurent les jeux hasardeux, a priori, de combinaisons rythmiques et harmoniques extr\u00eamement pr\u00e9cipit\u00e9es et hardies. Il faut une virtuosit\u00e9 du diable, une \u00e9nergie sans fond, pour obtenir le but supr\u00eame du compositeur : susciter chez l&rsquo;auditeur le bonheur de sauter \u00e9perdument par dessus ces notes \u00e9chevel\u00e9es. Et SHANI l&rsquo;a atteint sans coup f\u00e9rir !<\/p>\n<p><a href=\"https:\/\/ritmy.fr\/essais\/wp-content\/uploads\/2011\/03\/montage_shani.png\"><img loading=\"lazy\" decoding=\"async\" class=\"aligncenter size-full wp-image-2415\" title=\"montage_shani\" alt=\"\" src=\"https:\/\/ritmy.fr\/essais\/wp-content\/uploads\/2011\/03\/montage_shani.png\" width=\"580\" height=\"159\" srcset=\"https:\/\/ritmy.fr\/essais\/wp-content\/uploads\/2011\/03\/montage_shani.png 580w, https:\/\/ritmy.fr\/essais\/wp-content\/uploads\/2011\/03\/montage_shani-300x82.png 300w\" sizes=\"auto, (max-width: 580px) 100vw, 580px\" \/><\/a><\/p>\n<p>Voici le commentaire d&rsquo;un auditeur, envoy\u00e9 \u00e0 la boite \u00ab\u00a0courriel\u00a0\u00bb de RITMY :<\/p>\n<p><em><strong>\u00ab\u00a0Je suis encore sous le charme!&#8230; Et nul doute que tout le public pr\u00e9sent ce soir, le soit \u00e9galement&#8230; Le talent et la virtuosit\u00e9, alli\u00e9s \u00e0 un jeu d&rsquo;une grande sensibilit\u00e9, ont soulev\u00e9 l&rsquo;enthousiasme autour de ce beau programme romantique ! Ce fut vraiment une belle soir\u00e9e\u2026\u00a0\u00bb<\/strong><\/em><\/p>\n<p>Nous lui laisserons la conclusion, non sans avoir pr\u00e9cis\u00e9 que ce programme, compos\u00e9 par Shani DILUKA, \u00e9tait fait d&rsquo;\u0153uvres compos\u00e9es, toutes, entre 1830 et 1836\u2026 p\u00e9riode d&rsquo;intenses agitations politiques !<\/p>\n","protected":false},"excerpt":{"rendered":"<p>\u00c9GLISE SAINT DENIS, M\u00c9R\u00c9, 19 mars 2011 SHANI DILUKA, issue de deux cultures, sri lankaise et mon\u00e9gasque, fut \u00ab\u00a0d\u00e9tect\u00e9e\u00a0\u00bb tr\u00e8s t\u00f4t par la Princesse GR\u00c2CE de Monaco, \u00e0 l&rsquo;occasion d&rsquo;un concours dont l&rsquo;objet \u00e9taient de mettre en valeur les\u00a0pr\u00e9dispositions musicales de tr\u00e8s jeunes interpr\u00e8tes. Le programme artistique de cette comp\u00e9tition s\u00e9lective avait \u00e9t\u00e9 \u00a0\u00e9tabli par &hellip; <\/p>\n<p><a class=\"more-link btn\" href=\"https:\/\/ritmy.fr\/essais\/concerts-2\/19-mars-2011-2\/\">Lire la suite<\/a><\/p>\n","protected":false},"author":1,"featured_media":0,"parent":11,"menu_order":71,"comment_status":"closed","ping_status":"closed","template":"","meta":{"footnotes":""},"class_list":["post-928","page","type-page","status-publish","hentry","nodate","item-wrap"],"_links":{"self":[{"href":"https:\/\/ritmy.fr\/essais\/wp-json\/wp\/v2\/pages\/928","targetHints":{"allow":["GET"]}}],"collection":[{"href":"https:\/\/ritmy.fr\/essais\/wp-json\/wp\/v2\/pages"}],"about":[{"href":"https:\/\/ritmy.fr\/essais\/wp-json\/wp\/v2\/types\/page"}],"author":[{"embeddable":true,"href":"https:\/\/ritmy.fr\/essais\/wp-json\/wp\/v2\/users\/1"}],"replies":[{"embeddable":true,"href":"https:\/\/ritmy.fr\/essais\/wp-json\/wp\/v2\/comments?post=928"}],"version-history":[{"count":8,"href":"https:\/\/ritmy.fr\/essais\/wp-json\/wp\/v2\/pages\/928\/revisions"}],"predecessor-version":[{"id":9647,"href":"https:\/\/ritmy.fr\/essais\/wp-json\/wp\/v2\/pages\/928\/revisions\/9647"}],"up":[{"embeddable":true,"href":"https:\/\/ritmy.fr\/essais\/wp-json\/wp\/v2\/pages\/11"}],"wp:attachment":[{"href":"https:\/\/ritmy.fr\/essais\/wp-json\/wp\/v2\/media?parent=928"}],"curies":[{"name":"wp","href":"https:\/\/api.w.org\/{rel}","templated":true}]}}