{"id":8326,"date":"2013-01-31T17:00:38","date_gmt":"2013-01-31T16:00:38","guid":{"rendered":"http:\/\/ritmy.fr\/essais\/?page_id=8326"},"modified":"2025-05-03T16:39:27","modified_gmt":"2025-05-03T15:39:27","slug":"le-pianiste-virtuose-kotaro-fukuma-a-mere-le-24-mars","status":"publish","type":"page","link":"https:\/\/ritmy.fr\/essais\/concerts-2\/le-pianiste-virtuose-kotaro-fukuma-a-mere-le-24-mars\/","title":{"rendered":"Le pianiste virtuose KOTARO FUKUMA \u00e0 M\u00e9r\u00e9 le 24 mars &#8230;"},"content":{"rendered":"<h2 style=\"text-align: center;\"><span style=\"color: #ff0000;\">R\u00e9cital de piano Schubert, Beethoven, Debussy &#8230;\u00a0<\/span><\/h2>\n<h3 style=\"text-align: center;\"><span style=\"color: #ff0000;\">\u00e0 MERE, en l&rsquo;\u00e9glise Saint-Denis, le 24 mars \u00e0 17h.\u00a0<\/span><\/h3>\n<p><span style=\"color: #0000ff;\"><strong>Ne manquez surtout pas cet \u00e9v\u00e8nement exceptionnel !!<\/strong><\/span><\/p>\n<div id=\"attachment_8327\" style=\"width: 198px\" class=\"wp-caption aligncenter\"><a href=\"https:\/\/ritmy.fr\/essais\/wp-content\/uploads\/2013\/01\/Kotaro-FUKUMA-depliant.jpg\"><img loading=\"lazy\" decoding=\"async\" aria-describedby=\"caption-attachment-8327\" class=\"size-full wp-image-8327\" title=\"Kotaro FUKUMA depliant\" alt=\"\" src=\"https:\/\/ritmy.fr\/essais\/wp-content\/uploads\/2013\/01\/Kotaro-FUKUMA-depliant.jpg\" width=\"198\" height=\"260\" \/><\/a><p id=\"caption-attachment-8327\" class=\"wp-caption-text\">Kotaro FUKUMA<\/p><\/div>\n<p>N\u00e9 \u00e0 Tokyo, <strong>Kotaro FUKUMA<\/strong>\u00a0commen\u00e7a l\u2019\u00e9tude du piano \u00e0 l\u2019\u00e2ge de 5ans. Il a fait successivement ses \u00e9tudes sup\u00e9rieures de musique au Conservatoire National Sup\u00e9rieur de Musique de Paris avec Bruno Rigutto et Marie-Francoise Bucquet, puis \u00e0 l\u2019Universit\u00e9 des Arts de Berlin avec Klaus Hellwig, enfin \u00e0 l\u2019Acad\u00e9mie du Lac de C\u00f4me en Italie. Il a \u00e9galement b\u00e9n\u00e9fici\u00e9 des conseils de L\u00e9on Fleisher, Mitsuko Uchida, Richard Goode, Alicia de Larrocha, Maria-Joao Pires, Leslie Howard, Dominique Merlet et Aldo Ciccolini (excusez du peu !).<br \/>\nEn 2003, \u00e0 20 ans, Kotaro Fukuma remporta le 1er Prix et le Prix Chopin au 15e Concours International de Cleveland.<\/p>\n<p>Ce fut le commencement d\u2019une carri\u00e8re de <strong>pianiste concertiste<\/strong> qui le mena sur les cinq continents.<br \/>\nIl a \u00e9t\u00e9 invit\u00e9 \u00e0 jouer dans des salles prestigieuses telles que Carnegie Hall, Lincoln Center \u00e0 New York, Wigmore Hall \u00e0 Londres, la Philharmonie et le Konzerthaus \u00e0 Berlin, le Gewandhaus \u00e0 Leipzig, la Salle Olivier Messiaen \u00e0 Paris, le Grand Auditorium National \u00e0 Madrid, la Salle Mozart \u00e0 Zaragoza, le Suntory Hall \u00e0 Tokyo.<\/p>\n<p>Il a jou\u00e9 \u00e9galement avec des <strong>orchestres r\u00e9put\u00e9s<\/strong>, l\u2019Orchestre de Cleveland, l\u2019Orchestre Philharmonique d\u2019Isra\u00ebl, l\u2019Orchestre Symphonique de la Radio Finlandaise, l\u2019Orchestre Philharmonique de Dresde, l\u2019Orchestre National d\u2019Ile de France, l\u2019Orchestre Symphonique du Br\u00e9sil, et le Nouvel Orchestre Philharmonique du Japon.<br \/>\nPassionn\u00e9 de musique contemporaine, Kotaro a cr\u00e9\u00e9 en <strong>premi\u00e8res nationales ou mondiales<\/strong> des \u0153uvres de Toru Takemitsu, Mutsuo Shishido, Renaud Gagneux, Thierry Escaich, Thierry Huillet, Einojuhani Rautavaara\u2026<\/p>\n<p>Sa <strong>discographie<\/strong> est d\u00e9j\u00e0 significative avec 5 enregistrements, consacr\u00e9s \u00e0 Litz, Schumann, Takemitsu, Debussy (Reflets dans l&rsquo;eau), et son tout dernier, sorti en octobre 2012, \u00ab\u00a0Iberia\u00a0\u00bb (int\u00e9grale) d&rsquo;Albeniz qui a \u00e9t\u00e9 salu\u00e9 par la critique internationale et fran\u00e7aise (Diapason, Classica &#8230;).<\/p>\n<h4><span style=\"color: #0000ff;\">Pour le concert de M\u00e9r\u00e9, <strong>Kotaro FUKUMA<\/strong> a pr\u00e9vu d&rsquo;interpr\u00e9ter un <span style=\"text-decoration: underline;\">programme<\/span> vari\u00e9 intitul\u00e9 <strong>\u00ab\u00a0Shimmering Water\u00a0\u00bb<\/strong><\/span><\/h4>\n<p style=\"padding-left: 30px;\"><strong>Schubert\u00a0&#8211; Liszt :<\/strong> 3 lieder-transcriptions\u00a0: Liebesbotschaft, Die Forelle, Auf dem Wasser zu singen<br \/>\n<strong>Beethoven\u00a0:<\/strong> Sonate No.15 en R\u00e9 majeur Op.28 \u00ab\u00a0Pastorale\u00a0\u00bb<br \/>\n<strong>Smetana\u00a0:<\/strong> La\u00a0Moldau -transcription pour piano solo par Kotaro Fukuma<br \/>\n<strong>Thierry Huillet\u00a0:<\/strong> 7 Haiku sur le th\u00e8me de l&rsquo;eau (2012, cr\u00e9ation fran\u00e7aise)<br \/>\n<strong>Takemitsu\u00a0:<\/strong> Rain Tree Sketch (1982)<br \/>\n<strong>Debussy\u00a0:<\/strong> La Cath\u00e9drale engloutie, Estampes (Pagodes &#8211; La soir\u00e9e dans Grenade &#8211; Jardins sous la pluie)<\/p>\n<p>\u00ab\u00a0Shimmering water\u00a0\u00bb est l&rsquo;image de l&rsquo;id\u00e9ogramme \u6d38(ko),qui appara\u00eet dans son pr\u00e9nom.<\/p>\n<p><em>Pour vous donner un aper\u00e7u de son talent, voici un extrait d&rsquo;un de ses concerts de 2011, o\u00f9 il interpr\u00e8te la Ballade n\u00b04 de Fr\u00e9d\u00e9ric Chopin :<\/em><\/p>\n<p><iframe loading=\"lazy\" src=\"http:\/\/www.youtube.com\/embed\/GXO2YIMVIZk?rel=0\" height=\"315\" width=\"560\" frameborder=\"0\"><\/iframe><br \/>\n<strong><\/strong><\/p>\n<h4><strong><span style=\"color: #ff0000;\">Surtout ne ratez pas ce concert prestigieux, qui sera aussi le dernier des 23\u00e8mes Saisons Musicales de RITMY !<\/span><\/strong><\/h4>\n<h4><strong><span style=\"color: #ff0000;\">Il est prudent de r\u00e9server vos places d\u00e8s \u00e0 pr\u00e9sent :<\/span><\/strong><\/h4>\n<p style=\"padding-left: 30px;\"><span style=\"color: #ff0000;\"><em>soit directement ici dans notre site, en cliquant <span style=\"color: #0000ff;\"><span style=\"color: #0000ff;\"><a title=\"VOS BILLETS\" href=\"https:\/\/ritmy.fr\/essais\/reserver\/vos-billets\/\">ICI<\/a><\/span><\/span><\/em><\/span><\/p>\n<p style=\"padding-left: 30px;\"><em style=\"color: #ff0000;\">soit aupr\u00e8s de l&rsquo;ASCL de M\u00e9r\u00e9 au <span style=\"color: #0000ff;\">01-34-86-66-44<\/span><\/em><\/p>\n","protected":false},"excerpt":{"rendered":"<p>R\u00e9cital de piano Schubert, Beethoven, Debussy &#8230;\u00a0 \u00e0 MERE, en l&rsquo;\u00e9glise Saint-Denis, le 24 mars \u00e0 17h.\u00a0 Ne manquez surtout pas cet \u00e9v\u00e8nement exceptionnel !! N\u00e9 \u00e0 Tokyo, Kotaro FUKUMA\u00a0commen\u00e7a l\u2019\u00e9tude du piano \u00e0 l\u2019\u00e2ge de 5ans. Il a fait successivement ses \u00e9tudes sup\u00e9rieures de musique au Conservatoire National Sup\u00e9rieur de Musique de Paris avec &hellip; <\/p>\n<p><a class=\"more-link btn\" href=\"https:\/\/ritmy.fr\/essais\/concerts-2\/le-pianiste-virtuose-kotaro-fukuma-a-mere-le-24-mars\/\">Lire la suite<\/a><\/p>\n","protected":false},"author":3,"featured_media":0,"parent":11,"menu_order":62,"comment_status":"closed","ping_status":"closed","template":"","meta":{"footnotes":""},"class_list":["post-8326","page","type-page","status-publish","hentry","nodate","item-wrap"],"_links":{"self":[{"href":"https:\/\/ritmy.fr\/essais\/wp-json\/wp\/v2\/pages\/8326","targetHints":{"allow":["GET"]}}],"collection":[{"href":"https:\/\/ritmy.fr\/essais\/wp-json\/wp\/v2\/pages"}],"about":[{"href":"https:\/\/ritmy.fr\/essais\/wp-json\/wp\/v2\/types\/page"}],"author":[{"embeddable":true,"href":"https:\/\/ritmy.fr\/essais\/wp-json\/wp\/v2\/users\/3"}],"replies":[{"embeddable":true,"href":"https:\/\/ritmy.fr\/essais\/wp-json\/wp\/v2\/comments?post=8326"}],"version-history":[{"count":42,"href":"https:\/\/ritmy.fr\/essais\/wp-json\/wp\/v2\/pages\/8326\/revisions"}],"predecessor-version":[{"id":9742,"href":"https:\/\/ritmy.fr\/essais\/wp-json\/wp\/v2\/pages\/8326\/revisions\/9742"}],"up":[{"embeddable":true,"href":"https:\/\/ritmy.fr\/essais\/wp-json\/wp\/v2\/pages\/11"}],"wp:attachment":[{"href":"https:\/\/ritmy.fr\/essais\/wp-json\/wp\/v2\/media?parent=8326"}],"curies":[{"name":"wp","href":"https:\/\/api.w.org\/{rel}","templated":true}]}}