{"id":82,"date":"2010-05-06T12:06:32","date_gmt":"2010-05-06T11:06:32","guid":{"rendered":"http:\/\/ritmy.fr\/blog\/?page_id=82"},"modified":"2025-09-02T18:52:43","modified_gmt":"2025-09-02T17:52:43","slug":"20-novembre-2010","status":"publish","type":"page","link":"https:\/\/ritmy.fr\/essais\/concerts-2\/20-novembre-2010\/","title":{"rendered":"MISA CRIOLLA et Musique des Andes"},"content":{"rendered":"<h1><span style=\"color: #ff0000;\">\u00c9GLISE SAINT PIERRE, MONTFORT L&rsquo;AMAURY, 20 Novembre 2010<\/span><\/h1>\n<p>&nbsp;<\/p>\n<p>Le c\u00e9l\u00e8bre Groupe sud am\u00e9ricain <strong>LOS CALCHAKIS<\/strong> est convi\u00e9 \u00e0 se produire \u00e0 l&rsquo;invitation de la <strong>chorale ATOUT CHOEUR<\/strong> de Bazainville pour c\u00e9l\u00e9brer, de la mani\u00e8re la plus festive qui soit, son 10\u00e8me anniversaire en compagnie de la <strong>chorale normande ARC EN CIEL<\/strong>.<\/p>\n<p>&nbsp;<\/p>\n<p>Dans une premi\u00e8re partie, LOS CALCHAKIS donnera son r\u00e9cital <strong>\u00ab\u00a0Fl\u00fbtes et Guitares des Andes\u00a0\u00bb<\/strong>. Les 5 musiciens chanteront et joueront les m\u00e9lodies traditionnelles sur grand nombre d&rsquo;instruments andins : charango, kena, siku, bombo, tarka&#8230;.<\/p>\n<p>Dans la seconde partie, ils interpr\u00e9teront la c\u00e9l\u00e8bre <strong>\u00ab\u00a0MISA CRIOLLA\u00a0\u00bb d&rsquo;Ariel RAMIREZ<\/strong>, accompagn\u00e9s par les 2 chorales r\u00e9unies sous la direction de Claude Min\u00e9.Depuis une quarantaine d&rsquo;ann\u00e9es, LOS CALCHAKIS collectionne les r\u00e9compenses et soul\u00e8ve, partout o\u00f9 il passe, l&rsquo;enthousiasme du public. Leur pr\u00e9sence \u00e0 Montfort L&rsquo;Amaury, ce 20 novembre prochain est une chance pour tous ceux qui appr\u00e9cient leurs sonorit\u00e9s enivrantes et empreintes d\u2019un exotisme qui nous est devenu familier.<\/p>\n<p>Pour vous mettre en app\u00e9tit musical, le Sanctus de cette magnifique \u00ab\u00a0Misa\u00a0\u00bb\u2026<\/p>\n<p style=\"text-align: center;\"><object width=\"500\" height=\"405\" classid=\"clsid:d27cdb6e-ae6d-11cf-96b8-444553540000\" codebase=\"http:\/\/download.macromedia.com\/pub\/shockwave\/cabs\/flash\/swflash.cab#version=6,0,40,0\"><param name=\"allowFullScreen\" value=\"true\" \/><param name=\"allowscriptaccess\" value=\"always\" \/><param name=\"src\" value=\"http:\/\/www.youtube.com\/v\/SSesWRNfT6w&amp;hl=fr_FR&amp;fs=1&amp;rel=0&amp;color1=0x2b405b&amp;color2=0x6b8ab6&amp;border=1\" \/><param name=\"allowfullscreen\" value=\"true\" \/><embed width=\"500\" height=\"405\" type=\"application\/x-shockwave-flash\" src=\"http:\/\/www.youtube.com\/v\/SSesWRNfT6w&amp;hl=fr_FR&amp;fs=1&amp;rel=0&amp;color1=0x2b405b&amp;color2=0x6b8ab6&amp;border=1\" allowFullScreen=\"true\" allowscriptaccess=\"always\" allowfullscreen=\"true\" \/><\/object><\/p>\n<h1 style=\"text-align: left;\">LOS CALCHAKIS<\/h1>\n<p><em>Actuellement le groupe est form\u00e9 par <strong>Hector MIRANDA<\/strong>, argentin, <strong>Sergio ARRIAGADA<\/strong>, chilien, ainsi que par <strong>Enrique CAPUANO<\/strong>, argentin, <strong>Pablo URQUIZA<\/strong>, argentin, <strong>Mario CONTRERAS<\/strong>, chilien<\/em>.<\/p>\n<p style=\"text-align: center;\"><a href=\"https:\/\/ritmy.fr\/essais\/wp-content\/uploads\/2013\/11\/los-calchakis.jpeg\"><img loading=\"lazy\" decoding=\"async\" class=\"aligncenter size-full wp-image-9678\" alt=\"los calchakis\" src=\"https:\/\/ritmy.fr\/essais\/wp-content\/uploads\/2013\/11\/los-calchakis.jpeg\" width=\"271\" height=\"186\" \/><\/a><\/p>\n<p style=\"text-align: right;\">\u00a0\u00bb <em>Les <\/em><strong>CALCHAKIS<\/strong><em> <\/em><em>n&rsquo;apparaissent ni routiniers ni blas\u00e9s, ils sont pass\u00e9s ma\u00eetres dans l&rsquo;art d&rsquo;avoir du succ\u00e8s avec sobri\u00e9t\u00e9 et talent. Merci aux <strong>CALCHAKIS<\/strong> pour cet envo\u00fbtement <\/em>\u00ab\u00a0<\/p>\n<h2 style=\"text-align: center;\">BIOGRAPHIE DES CALCHAKIS<\/h2>\n<p>Les <strong>CALCHAKIS<\/strong> ont \u00e9t\u00e9 \u00e0 l&rsquo;origine de la vogue de la musique andine dans le monde et si bien des groupes ont disparu depuis, seuls restent ceux qui ont toujours d\u00e9fendu la musique du continent sud-am\u00e9ricain.<\/p>\n<p>Parmi eux, les <strong>CALCHAKIS<\/strong> ont largement prouv\u00e9 leur authenticit\u00e9 en restant toujours fid\u00e8les aux rythmes et aux instruments andins et en essayant d&rsquo;aller plus profond\u00e9ment encore vers les sources de cette musique, pour la faire \u00e9voluer dans le contexte de notre si\u00e8cle sans toutefois la d\u00e9naturer\u00a0? C\u2019est une preuve de plus de la sinc\u00e9rit\u00e9 et de l&rsquo;amour avec lequel ils l&rsquo;ont toujours servie.<\/p>\n<p>Cr\u00e9\u00e9s par Hector MIRANDA en 1961, les <strong>CALCHAKIS<\/strong> sont d&rsquo;abord un trio qui effectue une carri\u00e8re discr\u00e8te dans des cabarets parisiens dans les ann\u00e9es soixante. Ils gravent \u00e0 cette \u00e9poque plusieurs LP plut\u00f4t confidentiels jusqu&rsquo;au moment o\u00f9 l&rsquo;un d&rsquo;eux, \u00ab\u00a0La Fl\u00fbte Indienne\u00a0\u00bb, devient en 1968 un best-seller mondial qui propulse le groupe sur les plus grandes sc\u00e8nes de th\u00e9\u00e2tre de la plan\u00e8te.<\/p>\n<p>\u00c0 partir de 1969 le chilien Sergio ARRIAGADA rejoint l&rsquo;ensemble. Capable de jouer de tous les instruments traditionnels sud-am\u00e9ricains, il est nomm\u00e9 par Hector Miranda responsable de la r\u00e9alisation musicale. \u00c0 partir de ce moment les <strong>CALCHAKIS<\/strong> se transforment en quatuor, puis en quintette.<\/p>\n<p>C&rsquo;est la deuxi\u00e8me naissance du groupe qui entame alors des tourn\u00e9es sur tous les continents, enregistrant des dizaines d&rsquo;albums dont l&rsquo;un, \u00ab\u00a0<em>Myst\u00e8re des Andes<\/em>\u00ab\u00a0, obtient le Grand Prix du Disque de l&rsquo;Acad\u00e9mie Charles Gros de Paris.<\/p>\n<p>Quarante ann\u00e9es plus tard, en 2009, les <strong>CALCHAKIS<\/strong> poursuivent toujours une carri\u00e8re prestigieuse, enregistrant de nouveaux CD et cr\u00e9ant aussi de nouvelles \u0153uvres comme \u00ab\u00a0<em>Tierra<\/em><em> <\/em><em>Herida<\/em>\u00ab\u00a0, (Terre Bless\u00e9e) qu&rsquo;ils viennent de jouer pour la premi\u00e8re fois \u00e0 Paris.<\/p>\n<p><em><span style=\"text-decoration: underline;\">Quelques salles o\u00f9 se sont produits les <strong>CALCHAKIS<\/strong><\/span><\/em><strong><\/strong><span style=\"text-decoration: underline;\">:<\/span><\/p>\n<p style=\"padding-left: 30px;\">\u00ab\u00a0Olympia\u00a0\u00bb. \u00ab\u00a0Salle Pleyel\u00a0\u00bb et \u00ab\u00a0Th\u00e9\u00e2tre des Champs Elys\u00e9es\u00a0\u00bb \u00e0 Paris;<\/p>\n<p style=\"padding-left: 30px;\">\u00ab\u00a0Monumental\u00a0\u00bb de Madrid,<\/p>\n<p style=\"padding-left: 30px;\">\u00ab\u00a0Palais des Beaux Arts\u00a0\u00bb de Mexico,<\/p>\n<p style=\"padding-left: 30px;\">\u00ab\u00a0Tivoli\u00a0\u00bb de<\/p>\n<p style=\"padding-left: 30px;\">Copenhague,<\/p>\n<p style=\"padding-left: 30px;\">\u00ab\u00a0Op\u00e9ra de Francfort\u00a0\u00bb,<\/p>\n<p style=\"padding-left: 30px;\">\u00ab\u00a0Victoria Hall\u00a0\u00bb de Gen\u00e8ve, \u00ab\u00a0Lisner<\/p>\n<p style=\"padding-left: 30px;\">Auditorium\u00a0\u00bb de Washington,<\/p>\n<p style=\"padding-left: 30px;\">\u00ab\u00a0Wilfrid Pelletier\u00a0\u00bb de Montr\u00e9al, etc\u2026<\/p>\n<p style=\"padding-left: 30px;\">\n<h1 style=\"text-align: left;\">LA CHORALE ATOUT CH\u0152UR<\/h1>\n<p>Un atout pour un choeur qui bat depuis bient\u00f4t 10 ans pour le plus grand plaisir de ses 35 choristes<\/p>\n<p>Autour d&rsquo;un r\u00e9pertoire vari\u00e9 ( dont les grands th\u00e8mes sont l&rsquo;amour et l&rsquo;enfance)\u00a0allant de la chanson \u00e0 textes Ferrat, Brel, Fugain, Barbara Duteil et d&rsquo;autres\u2026.\u00a0\u00a0en passant par \u00ab\u00a0la petite suite Qu\u00e9b\u00e9coise\u00a0\u00bb de MARIE BERNARD,\u00a0\u00ab\u00a0la cantate pour la paix \u00a0\u00bb de Bernard LALLEMANT et \u00ab\u00a0la Petite Messe Solennelle\u00a0\u00bb de ROSSINI.<\/p>\n<p>La chorale donne des concerts, essentiellement, en \u00cele de france et en Normandie.<\/p>\n<p>Son chef, Claude MIN\u00c9, qui la dirige depuis l&rsquo;origine , a permis l&rsquo;int\u00e9gration rapide des amateurs du chant choral \u00e0 partir du petit noyau fondateur.<\/p>\n<p>Atout choeur pour son dizi\u00e8me anniversaire va avoir le plaisir de\u00a0 chanter avec les Calchakis et de participer au festival Polyffolia de St L\u00f4.<\/p>\n<p><strong><em>Chef de ch\u0153ur\u00a0\u00a0\u00a0\u00a0\u00a0\u00a0\u00a0\u00a0\u00a0\u00a0\u00a0\u00a0\u00a0\u00a0\u00a0\u00a0 Claude MIN\u00c9 \u00a0 \u00a0 \u00a0 \u00a0 \u00a0 \u00a0 \u00a0 \u00a0 \u00a0 \u00a0 \u00a0 \u00a0 \u00a0 \u00a0 \u00a0 06 81 97 67 33<\/em><\/strong><\/p>\n<p><strong><em>Pr\u00e9sidente\u00a0\u00a0\u00a0\u00a0\u00a0\u00a0\u00a0\u00a0\u00a0\u00a0\u00a0\u00a0\u00a0\u00a0\u00a0\u00a0\u00a0\u00a0\u00a0\u00a0\u00a0\u00a0\u00a0 \u00c9lisabeth DESMONTS \u00a0 \u00a0 \u00a0 \u00a0 \u00a0 \u00a0 06 59 52 27 65<\/em><\/strong><\/p>\n<p>&nbsp;<\/p>\n<h1>LA CHORALE ARC EN CIEL<\/h1>\n<p>ARC EN CIEL, multitude de couleurs, toutes diff\u00e9rentes et pourtant si proches, pr\u00eates \u00e0 se fondre et toujours si unies dans les joies ou les peines\u2026\u00a055 choristes de tous \u00e2ges, de tous horizons, unis par la passion du chant choral accessible \u00e0 tous !<\/p>\n<p>25 ann\u00e9es d\u2019\u00e9changes, de partages, de d\u00e9couvertes, de souvenirs\u2026<\/p>\n<p>Depuis cette premi\u00e8re r\u00e9union de Septembre 1982 avec 10 personnes, chanter ensemble nous a conduit :<\/p>\n<ul>\n<li>\u00e0 la cath\u00e9drale de Monaco pour la messe solennelle \u00e0 l\u2019occasion du 700<sup>\u00e8me<\/sup> anniversaire de la dynastie des Grimaldi en 1997,<\/li>\n<li>en Angleterre lors d\u2019un \u00e9change,<\/li>\n<li>aux 50, 60, et 65\u00e8mes anniversaires du d\u00e9barquement sur les communes de Ste Marie du Mont, et Ste M\u00e8re \u00e9glise.<\/li>\n<\/ul>\n<p>La chorale depuis de nombreuses ann\u00e9es anime des messes de mariage dans nos petites \u00e9glises environnantes, ainsi que dans de nombreux autres lieux, tels, Bordeaux, Deauville et Cabourg\u2026.<\/p>\n<p>Depuis la cr\u00e9ation d\u2019ARC EN CIEL, Martine Cellier-Berthou, en est le chef de ch\u0153ur et quelques choristes du 1<sup>er<\/sup> jour sont toujours l\u00e0.<\/p>\n<p>Le r\u00e9pertoire de la chorale se veut vari\u00e9, avec des th\u00e8mes qui nous sont chers\u00a0: l\u2019AMOUR, la PAIX, la LIBERT\u00c9\u2026<\/p>\n<p><strong><em>Chef de ch\u0153ur\u00a0\u00a0\u00a0\u00a0\u00a0\u00a0\u00a0\u00a0\u00a0\u00a0\u00a0\u00a0\u00a0\u00a0\u00a0\u00a0 Martine CELLIER-BERTHOU\u00a0\u00a0\u00a0 02 33 57 60 83<\/em><\/strong><\/p>\n<p><strong><em>Pr\u00e9sidente\u00a0\u00a0\u00a0\u00a0\u00a0\u00a0\u00a0\u00a0\u00a0\u00a0\u00a0\u00a0\u00a0\u00a0\u00a0\u00a0\u00a0\u00a0\u00a0\u00a0\u00a0\u00a0\u00a0 Marie-Fran\u00e7oise VESLIN \u00a0 \u00a0 \u00a0 \u00a0 \u00a0 \u00a0 02 33 56 76 5<\/em><\/strong>4<\/p>\n<p>&nbsp;<\/p>\n<p><script type=\"text\/javascript\" src=\"swfobject.js\"><\/script><script type=\"text\/javascript\">\/\/ <![CDATA[\n\/\/ < ![CDATA[\n\/\/ < ![CDATA[\n\/\/ < ![CDATA[\n\/\/ < ![CDATA[\n\/\/ < ![CDATA[\n\/\/ < ![CDATA[\n\/\/ < ![CDATA[\n\/\/ < ![CDATA[\n\/\/ < ![CDATA[\n\/\/ < ![CDATA[ var flashvars = {}; var params = {}; params.scale = \"noscale\"; params.salign = \"tl\"; params.wmode = \"transparent\"; var attributes = {}; swfobject.embedSWF(\"MediaSlideshowFX.swf\", \"MediaSlideshowFXDiv\", \"600\", \"300\", \"9.0.0\", false, flashvars, params, attributes);\n\/\/ ]]><\/script><\/p>\n","protected":false},"excerpt":{"rendered":"<p>\u00c9GLISE SAINT PIERRE, MONTFORT L&rsquo;AMAURY, 20 Novembre 2010 &nbsp; Le c\u00e9l\u00e8bre Groupe sud am\u00e9ricain LOS CALCHAKIS est convi\u00e9 \u00e0 se produire \u00e0 l&rsquo;invitation de la chorale ATOUT CHOEUR de Bazainville pour c\u00e9l\u00e9brer, de la mani\u00e8re la plus festive qui soit, son 10\u00e8me anniversaire en compagnie de la chorale normande ARC EN CIEL. &nbsp; Dans une &hellip; <\/p>\n<p><a class=\"more-link btn\" href=\"https:\/\/ritmy.fr\/essais\/concerts-2\/20-novembre-2010\/\">Lire la suite<\/a><\/p>\n","protected":false},"author":1,"featured_media":0,"parent":11,"menu_order":67,"comment_status":"closed","ping_status":"closed","template":"","meta":{"footnotes":""},"class_list":["post-82","page","type-page","status-publish","hentry","nodate","item-wrap"],"_links":{"self":[{"href":"https:\/\/ritmy.fr\/essais\/wp-json\/wp\/v2\/pages\/82","targetHints":{"allow":["GET"]}}],"collection":[{"href":"https:\/\/ritmy.fr\/essais\/wp-json\/wp\/v2\/pages"}],"about":[{"href":"https:\/\/ritmy.fr\/essais\/wp-json\/wp\/v2\/types\/page"}],"author":[{"embeddable":true,"href":"https:\/\/ritmy.fr\/essais\/wp-json\/wp\/v2\/users\/1"}],"replies":[{"embeddable":true,"href":"https:\/\/ritmy.fr\/essais\/wp-json\/wp\/v2\/comments?post=82"}],"version-history":[{"count":19,"href":"https:\/\/ritmy.fr\/essais\/wp-json\/wp\/v2\/pages\/82\/revisions"}],"predecessor-version":[{"id":9689,"href":"https:\/\/ritmy.fr\/essais\/wp-json\/wp\/v2\/pages\/82\/revisions\/9689"}],"up":[{"embeddable":true,"href":"https:\/\/ritmy.fr\/essais\/wp-json\/wp\/v2\/pages\/11"}],"wp:attachment":[{"href":"https:\/\/ritmy.fr\/essais\/wp-json\/wp\/v2\/media?parent=82"}],"curies":[{"name":"wp","href":"https:\/\/api.w.org\/{rel}","templated":true}]}}