{"id":7795,"date":"2012-11-09T19:27:05","date_gmt":"2012-11-09T18:27:05","guid":{"rendered":"http:\/\/ritmy.fr\/essais\/?page_id=7795"},"modified":"2026-04-20T16:08:34","modified_gmt":"2026-04-20T15:08:34","slug":"qui-sommes-nous","status":"publish","type":"page","link":"https:\/\/ritmy.fr\/essais\/ritmy\/qui-sommes-nous\/","title":{"rendered":"QUI SOMMES-NOUS ?"},"content":{"rendered":"\n<script language=\"Javascript\">\n<!--\nfunction isMobileDevice() \n{ \nif (\/Mobil\/i.test(navigator.userAgent))\n  {\n  window.open(\"https:\/\/ritmy.fr\/essais\/ritmy\/qui-sommes-nous-mobile\/\", \"_top\");\n  }\n}\n\/\/-->\n<\/script>\n<script type=\"text\/javascript\">isMobileDevice()<\/script>\n\n\n\n<div class=\"wp-block-media-text is-stacked-on-mobile\" style=\"grid-template-columns:20% auto\"><figure class=\"wp-block-media-text__media\"><img loading=\"lazy\" decoding=\"async\" width=\"512\" height=\"512\" src=\"https:\/\/ritmy.fr\/essais\/wp-content\/uploads\/2021\/04\/cropped-Logo-RITMY-carre.png\" alt=\"\" class=\"wp-image-25490 size-full\" srcset=\"https:\/\/ritmy.fr\/essais\/wp-content\/uploads\/2021\/04\/cropped-Logo-RITMY-carre.png 512w, https:\/\/ritmy.fr\/essais\/wp-content\/uploads\/2021\/04\/cropped-Logo-RITMY-carre-300x300.png 300w, https:\/\/ritmy.fr\/essais\/wp-content\/uploads\/2021\/04\/cropped-Logo-RITMY-carre-150x150.png 150w, https:\/\/ritmy.fr\/essais\/wp-content\/uploads\/2021\/04\/cropped-Logo-RITMY-carre-270x270.png 270w, https:\/\/ritmy.fr\/essais\/wp-content\/uploads\/2021\/04\/cropped-Logo-RITMY-carre-192x192.png 192w, https:\/\/ritmy.fr\/essais\/wp-content\/uploads\/2021\/04\/cropped-Logo-RITMY-carre-180x180.png 180w, https:\/\/ritmy.fr\/essais\/wp-content\/uploads\/2021\/04\/cropped-Logo-RITMY-carre-32x32.png 32w\" sizes=\"auto, (max-width: 512px) 100vw, 512px\" \/><\/figure><div class=\"wp-block-media-text__content\">\n<p style=\"font-size:36px;line-height:1.6\"><strong>Quelques mots \u00e0 propos de RITMY<\/strong><\/p>\n<\/div><\/div>\n\n\n\n<p class=\"has-large-font-size\">Les Rencontres InTercommunales pour la Musique en Yvelines, sont n\u00e9es en 1989, de la volont\u00e9 d\u2019associations et d\u2019\u00e9coles de musique de diffuser des concerts de qualit\u00e9 dans&nbsp; nos villages.<\/p>\n\n\n\n<p class=\"has-large-font-size\">Autour du Directeur artistique, une \u00e9quipe soud\u00e9e de b\u00e9n\u00e9voles d\u00e9cide coll\u00e9gialement des concerts classiques et des d\u00e9couvertes musicales qui vous sont propos\u00e9s.<\/p>\n\n\n\n<p class=\"has-large-font-size\">Notre communication est tr\u00e8s diversifi\u00e9e :<br>&nbsp;&nbsp;&nbsp;&#8211; 10 000 programmes distribu\u00e9s<br>&nbsp;&nbsp;&nbsp;&#8211; 800 mailings personnalis\u00e9s<br>&nbsp;&nbsp;&nbsp;&#8211; plus de 1 000 e-mailings par concert<br>&nbsp;&nbsp;&nbsp;&#8211; des affiches et flyers distribu\u00e9s par concert<br>&nbsp;&nbsp;&nbsp;&#8211; un acc\u00e8s Facebook (<a href=\"https:\/\/www.facebook.com\/LesSaisonsMusicalesdeRitmy\">Les saisons musicales de RITMY<\/a>) et \u00e0 divers r\u00e9seaux sociaux<\/p>\n\n\n\n<p class=\"has-large-font-size\">Enfin notre site internet <a href=\"https:\/\/ritmy.fr\/essais\/\">ritmy.fr<\/a> riche d\u2019informations d\u00e9taill\u00e9es sur les programmes, les artistes invit\u00e9s et leur actualit\u00e9 vous permet&nbsp; bien s\u00fbr de r\u00e9server vos places avec beaucoup de facilit\u00e9.<\/p>\n\n\n\n<p class=\"has-large-font-size\">Nous n\u2019oublions pas l\u2019aide des communes participantes, des partenaires artistiques et de nos annonceurs.<\/p>\n\n\n<div class=\"wp-block-image\">\n<figure class=\"aligncenter size-full\"><img loading=\"lazy\" decoding=\"async\" width=\"1170\" height=\"610\" src=\"https:\/\/ritmy.fr\/essais\/wp-content\/uploads\/2025\/05\/associes.png\" alt=\"\" class=\"wp-image-30406\" style=\"aspect-ratio:1.7736625514403292;object-fit:cover\" srcset=\"https:\/\/ritmy.fr\/essais\/wp-content\/uploads\/2025\/05\/associes.png 1170w, https:\/\/ritmy.fr\/essais\/wp-content\/uploads\/2025\/05\/associes-300x156.png 300w, https:\/\/ritmy.fr\/essais\/wp-content\/uploads\/2025\/05\/associes-1000x521.png 1000w, https:\/\/ritmy.fr\/essais\/wp-content\/uploads\/2025\/05\/associes-768x400.png 768w, https:\/\/ritmy.fr\/essais\/wp-content\/uploads\/2025\/05\/associes-803x419.png 803w\" sizes=\"auto, (max-width: 1170px) 100vw, 1170px\" \/><\/figure><\/div>\n\n\n<p class=\"has-large-font-size\"><span style=\"color: #000000;\">Les &lsquo;Saisons Musicales&rsquo;, ce sont chaque ann\u00e9e plusieurs CONCERTS de qualit\u00e9 dans les YVELINES, variant le genre et le style, pour tous publics, qui se d\u00e9roulent dans les communes &lsquo;associ\u00e9es&rsquo;.<\/span><\/p>\n\n\n\n<p class=\"has-black-color has-text-color has-large-font-size\">Pour d\u00e9couvrir le programme des <span style=\"text-decoration: underline;\">36es Saisons Musicales<\/span>, d&rsquo;octobre 2025 \u00e0 avril 2026, voir la rubrique <span style=\"text-decoration: underline;\"><em><a href=\"https:\/\/ritmy.fr\/essais\/concerts\/\">LES CONCERTS<\/a><\/em><\/span>.<\/p>\n\n\n\n<p><\/p>\n\n\n\n<p>L&rsquo;Association RITMY b\u00e9n\u00e9ficie d&rsquo;une Licence 2 : n\u00b0 2-108 45 43 et d&rsquo;une licence 3 : n\u00b0 3-103 92 59<\/p>\n\n\n\n<div style=\"height:20px\" aria-hidden=\"true\" class=\"wp-block-spacer\"><\/div>\n","protected":false},"excerpt":{"rendered":"<p>Quelques mots \u00e0 propos de RITMY Les Rencontres InTercommunales pour la Musique en Yvelines, sont n\u00e9es en 1989, de la volont\u00e9 d\u2019associations et d\u2019\u00e9coles de musique de diffuser des concerts de qualit\u00e9 dans&nbsp; nos villages. Autour du Directeur artistique, une \u00e9quipe soud\u00e9e de b\u00e9n\u00e9voles d\u00e9cide coll\u00e9gialement des concerts classiques et des d\u00e9couvertes musicales qui vous &hellip; <\/p>\n<p><a class=\"more-link btn\" href=\"https:\/\/ritmy.fr\/essais\/ritmy\/qui-sommes-nous\/\">Lire la suite<\/a><\/p>\n","protected":false},"author":3,"featured_media":0,"parent":18,"menu_order":0,"comment_status":"closed","ping_status":"closed","template":"","meta":{"footnotes":""},"class_list":["post-7795","page","type-page","status-publish","hentry","nodate","item-wrap"],"_links":{"self":[{"href":"https:\/\/ritmy.fr\/essais\/wp-json\/wp\/v2\/pages\/7795","targetHints":{"allow":["GET"]}}],"collection":[{"href":"https:\/\/ritmy.fr\/essais\/wp-json\/wp\/v2\/pages"}],"about":[{"href":"https:\/\/ritmy.fr\/essais\/wp-json\/wp\/v2\/types\/page"}],"author":[{"embeddable":true,"href":"https:\/\/ritmy.fr\/essais\/wp-json\/wp\/v2\/users\/3"}],"replies":[{"embeddable":true,"href":"https:\/\/ritmy.fr\/essais\/wp-json\/wp\/v2\/comments?post=7795"}],"version-history":[{"count":70,"href":"https:\/\/ritmy.fr\/essais\/wp-json\/wp\/v2\/pages\/7795\/revisions"}],"predecessor-version":[{"id":30980,"href":"https:\/\/ritmy.fr\/essais\/wp-json\/wp\/v2\/pages\/7795\/revisions\/30980"}],"up":[{"embeddable":true,"href":"https:\/\/ritmy.fr\/essais\/wp-json\/wp\/v2\/pages\/18"}],"wp:attachment":[{"href":"https:\/\/ritmy.fr\/essais\/wp-json\/wp\/v2\/media?parent=7795"}],"curies":[{"name":"wp","href":"https:\/\/api.w.org\/{rel}","templated":true}]}}

<script language="Javascript">
<!--
function isMobileDevice() 
{ 
if (/Mobil/i.test(navigator.userAgent))
  {
  window.open("https://ritmy.fr/essais/ritmy/qui-sommes-nous-mobile/", "_top");
  }
}
//-->
</script>
<script type="text/javascript">isMobileDevice()</script>



<div class="wp-block-media-text is-stacked-on-mobile" style="grid-template-columns:20% auto"><figure class="wp-block-media-text__media"><img loading="lazy" decoding="async" width="512" height="512" src="https://ritmy.fr/essais/wp-content/uploads/2021/04/cropped-Logo-RITMY-carre.png" alt="" class="wp-image-25490 size-full" srcset="https://ritmy.fr/essais/wp-content/uploads/2021/04/cropped-Logo-RITMY-carre.png 512w, https://ritmy.fr/essais/wp-content/uploads/2021/04/cropped-Logo-RITMY-carre-300x300.png 300w, https://ritmy.fr/essais/wp-content/uploads/2021/04/cropped-Logo-RITMY-carre-150x150.png 150w, https://ritmy.fr/essais/wp-content/uploads/2021/04/cropped-Logo-RITMY-carre-270x270.png 270w, https://ritmy.fr/essais/wp-content/uploads/2021/04/cropped-Logo-RITMY-carre-192x192.png 192w, https://ritmy.fr/essais/wp-content/uploads/2021/04/cropped-Logo-RITMY-carre-180x180.png 180w, https://ritmy.fr/essais/wp-content/uploads/2021/04/cropped-Logo-RITMY-carre-32x32.png 32w" sizes="auto, (max-width: 512px) 100vw, 512px" /></figure><div class="wp-block-media-text__content">
<p style="font-size:36px;line-height:1.6"><strong>Quelques mots à propos de RITMY</strong></p>
</div></div>



<p class="has-large-font-size">Les Rencontres InTercommunales pour la Musique en Yvelines, sont nées en 1989, de la volonté d’associations et d’écoles de musique de diffuser des concerts de qualité dans&nbsp; nos villages.</p>



<p class="has-large-font-size">Autour du Directeur artistique, une équipe soudée de bénévoles décide collégialement des concerts classiques et des découvertes musicales qui vous sont proposés.</p>



<p class="has-large-font-size">Notre communication est très diversifiée :<br>&nbsp;&nbsp;&nbsp;&#8211; 10 000 programmes distribués<br>&nbsp;&nbsp;&nbsp;&#8211; 800 mailings personnalisés<br>&nbsp;&nbsp;&nbsp;&#8211; plus de 1 000 e-mailings par concert<br>&nbsp;&nbsp;&nbsp;&#8211; des affiches et flyers distribués par concert<br>&nbsp;&nbsp;&nbsp;&#8211; un accès Facebook (<a href="https://www.facebook.com/LesSaisonsMusicalesdeRitmy">Les saisons musicales de RITMY</a>) et à divers réseaux sociaux</p>



<p class="has-large-font-size">Enfin notre site internet <a href="https://ritmy.fr/essais/">ritmy.fr</a> riche d’informations détaillées sur les programmes, les artistes invités et leur actualité vous permet&nbsp; bien sûr de réserver vos places avec beaucoup de facilité.</p>



<p class="has-large-font-size">Nous n’oublions pas l’aide des communes participantes, des partenaires artistiques et de nos annonceurs.</p>


<div class="wp-block-image">
<figure class="aligncenter size-full"><img loading="lazy" decoding="async" width="1170" height="610" src="https://ritmy.fr/essais/wp-content/uploads/2025/05/associes.png" alt="" class="wp-image-30406" style="aspect-ratio:1.7736625514403292;object-fit:cover" srcset="https://ritmy.fr/essais/wp-content/uploads/2025/05/associes.png 1170w, https://ritmy.fr/essais/wp-content/uploads/2025/05/associes-300x156.png 300w, https://ritmy.fr/essais/wp-content/uploads/2025/05/associes-1000x521.png 1000w, https://ritmy.fr/essais/wp-content/uploads/2025/05/associes-768x400.png 768w, https://ritmy.fr/essais/wp-content/uploads/2025/05/associes-803x419.png 803w" sizes="auto, (max-width: 1170px) 100vw, 1170px" /></figure></div>


<p class="has-large-font-size"><span style="color: #000000;">Les &lsquo;Saisons Musicales&rsquo;, ce sont chaque année plusieurs CONCERTS de qualité dans les YVELINES, variant le genre et le style, pour tous publics, qui se déroulent dans les communes &lsquo;associées&rsquo;.</span></p>



<p class="has-black-color has-text-color has-large-font-size">Pour découvrir le programme des <span style="text-decoration: underline;">36es Saisons Musicales</span>, d&rsquo;octobre 2025 à avril 2026, voir la rubrique <span style="text-decoration: underline;"><em><a href="https://ritmy.fr/essais/concerts/">LES CONCERTS</a></em></span>.</p>



<p></p>



<p>L&rsquo;Association RITMY bénéficie d&rsquo;une Licence 2 : n° 2-108 45 43 et d&rsquo;une licence 3 : n° 3-103 92 59</p>



<div style="height:20px" aria-hidden="true" class="wp-block-spacer"></div>

<p>Quelques mots à propos de RITMY Les Rencontres InTercommunales pour la Musique en Yvelines, sont nées en 1989, de la volonté d’associations et d’écoles de musique de diffuser des concerts de qualité dans&nbsp; nos villages. Autour du Directeur artistique, une équipe soudée de bénévoles décide collégialement des concerts classiques et des découvertes musicales qui vous &hellip; </p>
<p><a class="more-link btn" href="https://ritmy.fr/essais/ritmy/qui-sommes-nous/">Lire la suite</a></p>
