{"id":7394,"date":"2012-09-25T15:01:20","date_gmt":"2012-09-25T14:01:20","guid":{"rendered":"http:\/\/ritmy.fr\/essais\/?page_id=7394"},"modified":"2025-05-03T16:39:42","modified_gmt":"2025-05-03T15:39:42","slug":"les-musiciens-de-melle-de-guise-a-maule","status":"publish","type":"page","link":"https:\/\/ritmy.fr\/essais\/concerts-2\/les-musiciens-de-melle-de-guise-a-maule\/","title":{"rendered":"\u00ab\u00a0Les Musiciens de Mademoiselle de Guise\u00a0\u00bb \u00e0 MAULE &#8230;"},"content":{"rendered":"<p>Cr\u00e9\u00e9 en 1996 par Laurence POTTIER, l&rsquo;ensemble <strong>Les Musiciens de Mademoiselle de Guise<\/strong> a pour objectif de <strong>faire red\u00e9couvrir les musiques anciennes d&rsquo;une mani\u00e8re p\u00e9dagogique et ludique<\/strong>.<\/p>\n<p>&nbsp;<\/p>\n<div>\n<div>\n<div>\n<p>L&rsquo;ensemble, \u00e0 g\u00e9om\u00e9trie variable, 4 \u00e0 40 instrumentistes ou chanteurs (solistes ou ensemble vocal \u00ab\u00a0les Chanteurs de Mademoiselle de Guise\u00a0\u00bb) est constitu\u00e9 de musiciens de la r\u00e9gion parisienne qui jouent sur des <strong>instruments utilis\u00e9s \u00e0 l&rsquo;\u00e9poque, originaux ou copies<\/strong>.<\/p>\n<p>&nbsp;<\/p>\n<div id=\"attachment_7519\" style=\"width: 340px\" class=\"wp-caption aligncenter\"><a href=\"https:\/\/ritmy.fr\/essais\/wp-content\/uploads\/2012\/10\/MMG-Renaissance-Les-Sables-2011-1.jpg\"><img loading=\"lazy\" decoding=\"async\" aria-describedby=\"caption-attachment-7519\" class=\"size-full wp-image-7519\" alt=\"Les Musiciens de Mademoiselle de Guise\" src=\"https:\/\/ritmy.fr\/essais\/wp-content\/uploads\/2012\/10\/MMG-Renaissance-Les-Sables-2011-1.jpg\" width=\"340\" height=\"255\" srcset=\"https:\/\/ritmy.fr\/essais\/wp-content\/uploads\/2012\/10\/MMG-Renaissance-Les-Sables-2011-1.jpg 340w, https:\/\/ritmy.fr\/essais\/wp-content\/uploads\/2012\/10\/MMG-Renaissance-Les-Sables-2011-1-300x225.jpg 300w\" sizes=\"auto, (max-width: 340px) 100vw, 340px\" \/><\/a><p id=\"caption-attachment-7519\" class=\"wp-caption-text\">Les Musiciens de Mademoiselle de Guise<\/p><\/div>\n<p>En 1999, Les Musiciens de Mademoiselle de Guise ont enregistr\u00e9 un disque chez Bayard Musique, <strong>No\u00ebl pour les instruments<\/strong>, consacr\u00e9 aux compositeurs Marc Antoine Charpentier, Michel Richard Delalande, Michel Corrette et Esprit Philippe Ch\u00e9deville.<\/p>\n<p>En 2001, <strong>Croc&rsquo;Baroque (Chansons enfantines des 16, 17 et 18\u00e8me si\u00e8cles),<\/strong> un disque \u00e0 vocation p\u00e9dagogique, est enregistr\u00e9 en collaboration avec un choeur d&rsquo;enfants, Petit choeur de Mademoiselle de Guise, chez Bayard Musique puis distribu\u00e9 par Accord-Universal.<\/p>\n<p>A la suite du succ\u00e8s de Croc&rsquo;Baroque, Les Musiciens de Mademoiselle de Guise ont enregistr\u00e9 en 2006 un conte pour enfants, en collaboration avec la chorale tch\u00e8que Arietta : <strong>Croc&rsquo; Baroque chante l&rsquo;Europe<\/strong>.<\/p>\n<p>En 2009, Les Musiciens de Mademoiselle de Guise avec le Petit choeur de Guise enregistrent un nouvel opus de <strong>chansons enfantines<\/strong>. Celui-ci permet aux petits et grands de d\u00e9couvrir les instruments de la Renaissance (violes de gambe, fl\u00fbtes, cornemuse, cornet, cromornes&#8230;).<\/p>\n<p><strong>Pourquoi Mademoiselle de Guise ?<\/strong><\/p>\n<p>Il s&rsquo;agit de rendre hommage \u00e0 l&rsquo;une des rares femmes m\u00e9c\u00e8nes de l&rsquo;histoire qui entretenait dans son h\u00f4tel du Marais des musiciens dont le plus c\u00e9l\u00e8bre est sans doute Marc-Antoine Charpentier.<\/p>\n<p>Marie de Lorraine, duchesse de Joyeuse, duchesse de Guise et princesse de Joinville, est la cousine de Louis XIV. Elle est la derni\u00e8re descendante d&rsquo;une famille qui encourageait les arts, dont l&rsquo;a\u00efeul, Henri de Guise dit \u00ab\u00a0le Balafr\u00e9\u00a0\u00bb fut l&rsquo;organisateur de la Ligue.<\/p>\n<p><a href=\"https:\/\/ritmy.fr\/essais\/wp-content\/uploads\/2012\/09\/MelleGuise1.bmp\"><img decoding=\"async\" class=\"aligncenter size-full wp-image-7408\" title=\"MelleGuise1\" alt=\"\" src=\"https:\/\/ritmy.fr\/essais\/wp-content\/uploads\/2012\/09\/MelleGuise1.bmp\" \/><\/a><\/p>\n<p>Lors du <strong><span style=\"text-decoration: underline;\">concert du\u00a0 20 octobre \u00e0 Maule<\/span> (21h., \u00e9glise St Nicolas)<\/strong>, Les Musiciens de Mademoiselle de Guise, constitu\u00e9 d&rsquo;une chanteuse et de 9 musiciens, interpr\u00e8teront des oeuvres <strong>des plus grands compositeurs fran\u00e7ais de la Renaissance<\/strong> : Cl\u00e9ment Janequin, Pierre Certon, Jacques Moderne, Thoinot Arbeau, Roland de Lassus, Jehan Planson, Claude Gervaise &#8230;<\/p>\n<p>Les pi\u00e8ces interpr\u00e9t\u00e9es seront des chansons d&rsquo;amour, danses populaires, po\u00e9sies, psaumes &#8230;<\/p>\n<p>L&rsquo;ensemble jouera sur des <strong>instruments anciens, ou copie d&rsquo;anciens<\/strong> :\u00a0violes de gambes, fl\u00fbtes \u00e0 bec ou traversi\u00e8re, cornet \u00e0 bouquin, cromornes, luths, guitare, percussions &#8230;<\/p>\n<p>&nbsp;<\/p>\n<\/div>\n<\/div>\n<\/div>\n","protected":false},"excerpt":{"rendered":"<p>Cr\u00e9\u00e9 en 1996 par Laurence POTTIER, l&rsquo;ensemble Les Musiciens de Mademoiselle de Guise a pour objectif de faire red\u00e9couvrir les musiques anciennes d&rsquo;une mani\u00e8re p\u00e9dagogique et ludique. &nbsp; L&rsquo;ensemble, \u00e0 g\u00e9om\u00e9trie variable, 4 \u00e0 40 instrumentistes ou chanteurs (solistes ou ensemble vocal \u00ab\u00a0les Chanteurs de Mademoiselle de Guise\u00a0\u00bb) est constitu\u00e9 de musiciens de la r\u00e9gion &hellip; <\/p>\n<p><a class=\"more-link btn\" href=\"https:\/\/ritmy.fr\/essais\/concerts-2\/les-musiciens-de-melle-de-guise-a-maule\/\">Lire la suite<\/a><\/p>\n","protected":false},"author":3,"featured_media":0,"parent":11,"menu_order":63,"comment_status":"closed","ping_status":"closed","template":"","meta":{"footnotes":""},"class_list":["post-7394","page","type-page","status-publish","hentry","nodate","item-wrap"],"_links":{"self":[{"href":"https:\/\/ritmy.fr\/essais\/wp-json\/wp\/v2\/pages\/7394","targetHints":{"allow":["GET"]}}],"collection":[{"href":"https:\/\/ritmy.fr\/essais\/wp-json\/wp\/v2\/pages"}],"about":[{"href":"https:\/\/ritmy.fr\/essais\/wp-json\/wp\/v2\/types\/page"}],"author":[{"embeddable":true,"href":"https:\/\/ritmy.fr\/essais\/wp-json\/wp\/v2\/users\/3"}],"replies":[{"embeddable":true,"href":"https:\/\/ritmy.fr\/essais\/wp-json\/wp\/v2\/comments?post=7394"}],"version-history":[{"count":17,"href":"https:\/\/ritmy.fr\/essais\/wp-json\/wp\/v2\/pages\/7394\/revisions"}],"predecessor-version":[{"id":9726,"href":"https:\/\/ritmy.fr\/essais\/wp-json\/wp\/v2\/pages\/7394\/revisions\/9726"}],"up":[{"embeddable":true,"href":"https:\/\/ritmy.fr\/essais\/wp-json\/wp\/v2\/pages\/11"}],"wp:attachment":[{"href":"https:\/\/ritmy.fr\/essais\/wp-json\/wp\/v2\/media?parent=7394"}],"curies":[{"name":"wp","href":"https:\/\/api.w.org\/{rel}","templated":true}]}}