{"id":7277,"date":"2012-07-07T13:19:25","date_gmt":"2012-07-07T12:19:25","guid":{"rendered":"http:\/\/ritmy.fr\/essais\/?page_id=7277"},"modified":"2025-05-03T16:40:35","modified_gmt":"2025-05-03T15:40:35","slug":"olivier-houette-a-neauphle-le-chateau","status":"publish","type":"page","link":"https:\/\/ritmy.fr\/essais\/concerts-2\/olivier-houette-a-neauphle-le-chateau\/","title":{"rendered":"Olivier HOUETTE \u00e0 NEAUPHLE-LE-CH\u00c2TEAU\u2026"},"content":{"rendered":"<p><span style=\"color: #0000ff;\"><strong>Olivier HOUETTE<\/strong> <\/span>est <strong>organiste titulaire<\/strong> du grand orgue historique Fran\u00e7ois-Henri Clicquot de la cath\u00e9drale Saint-Pierre de Poitiers, ainsi que du grand orgue de l&rsquo;\u00e9glise des Blancs-Manteaux\u00a0\u00e0 Paris 4\u00e8me.<\/p>\n<p>Il est \u00e9galement <strong>professeur d\u2019orgue, de clavecin et de musique de chambre<\/strong> au conservatoire de Bourg-la-Reine\/Sceaux (Hauts-de-Seine) depuis 2005, et professeur au CESMD de Poitiers. R\u00e9guli\u00e8rement demand\u00e9 pour des <strong>interventions p\u00e9dagogiques<\/strong> et des master class (Pipe Organ Encouters de Nashville, USA), il enseigne l&rsquo;orgue \u00e0 l\u2019acad\u00e9mie internationale d\u2019orgue de Poitiers, \u00e0 l\u2019acad\u00e9mie de Chavagnes-en-Paillers.<\/p>\n<p><a href=\"https:\/\/ritmy.fr\/essais\/wp-content\/uploads\/2012\/09\/photo-concert-RJ-3.jpg\"><img loading=\"lazy\" decoding=\"async\" class=\"aligncenter size-full wp-image-7332\" alt=\"photo concert RJ 3\" src=\"https:\/\/ritmy.fr\/essais\/wp-content\/uploads\/2012\/09\/photo-concert-RJ-3.jpg\" width=\"227\" height=\"324\" srcset=\"https:\/\/ritmy.fr\/essais\/wp-content\/uploads\/2012\/09\/photo-concert-RJ-3.jpg 227w, https:\/\/ritmy.fr\/essais\/wp-content\/uploads\/2012\/09\/photo-concert-RJ-3-210x300.jpg 210w\" sizes=\"auto, (max-width: 227px) 100vw, 227px\" \/><\/a><\/p>\n<p><strong><span style=\"color: #000080;\"><span style=\"color: #000000;\">Olivier HOUETTE<\/span>\u00a0<\/span><\/strong>se produit lors de<strong> concerts<\/strong> qui l\u2019ont amen\u00e9 \u00e0 jouer dans des lieux tels que Notre-Dame de Paris, Saint-B\u00e9nigne de Dijon, Saint-Bertrand de Comminges, Lanvellec, La Roque d\u2019Anth\u00e9ron, S\u00e9ville, Miami, Nashville, Bonn, Minden, Fort Worth\u2026 <strong>Continuiste<\/strong> de la <em>Simphonie du Marais<\/em> pendant plus de dix ans, il se produit r\u00e9guli\u00e8rement avec des <strong>ensembles et des ch\u0153urs<\/strong> tels que le ch\u0153ur de chambre <em>Accentus<\/em>, le ch\u0153ur de Notre-Dame de Versailles ou la ma\u00eetrise de la cath\u00e9drale Notre-Dame de Paris. Il a particip\u00e9 \u00e0 de nombreux <strong>enregistrements discographiques.<\/strong><\/p>\n<p>&nbsp;<\/p>\n<p>&nbsp;<\/p>\n<p>Lors du<span style=\"text-decoration: underline;\"> <strong>concert-promenade du 30 septembre \u00e0 Neauphle-le-Chateau<\/strong><\/span>, Olivier HOUETTE alternera son r\u00e9cital de Clavecin et Orgue avec des commentaires, aussi bien\u00a0\u00e0 propos des\u00a0deux instruments, que des\u00a0compositeurs\u00a0et oeuvres interpr\u00e9t\u00e9es.<\/p>\n<p>Bien que d\u2019apparence et de fonctionnement tr\u00e8s diff\u00e9rents, <strong>l\u2019orgue et le clavecin<\/strong> sont pourtant deux instruments tr\u00e8s proches \u00e0 l\u2019\u00e9poque baroque. A cette p\u00e9riode en effet, les m\u00eames instrumentistes touchaient indiff\u00e9remment l\u2019un ou l\u2019autre, si bien qu\u2019un r\u00e9pertoire commun s\u2019est constitu\u00e9 au fil du temps, indiff\u00e9remment interpr\u00e9t\u00e9 sur l\u2019orgue ou le clavecin.<\/p>\n<p>Au-del\u00e0 de ce r\u00e9pertoire commun, ce r\u00e9cital illustre ce rapport subtil qui a si longtemps perdur\u00e9, servi par d\u2019illustres compositeurs et interpr\u00e8tes. Bien des aspects permettent d\u2019approcher ces caract\u00e9ristiques voisines\u00a0: th\u00e8mes, \u0153uvres, agr\u00e9mentation, proc\u00e9d\u00e9s d\u2019\u00e9critures, technique, rapport avec la danse, facture instrumentale\u2026 autant d\u2019\u00e9l\u00e9ments diversement illustr\u00e9s et utilis\u00e9s par l\u2019orgue comme par le clavecin.<\/p>\n<p>Olivier HOUETTE interpr\u00e9tera des oeuvres de <strong>William BYRD, Jean-Philippe RAMEAU, Louis MARCHAND, Louis-Claude DAQUIN, Dietrich BUXTEHUDE &#8230;<\/strong> compositeurs\u00a0du XVI au XVIII\u00e8mes si\u00e8cles ayant \u00a0pour la plupart compos\u00e9s pour ces deux instruments.<\/p>\n<p>&nbsp;<\/p>\n","protected":false},"excerpt":{"rendered":"<p>Olivier HOUETTE est organiste titulaire du grand orgue historique Fran\u00e7ois-Henri Clicquot de la cath\u00e9drale Saint-Pierre de Poitiers, ainsi que du grand orgue de l&rsquo;\u00e9glise des Blancs-Manteaux\u00a0\u00e0 Paris 4\u00e8me. Il est \u00e9galement professeur d\u2019orgue, de clavecin et de musique de chambre au conservatoire de Bourg-la-Reine\/Sceaux (Hauts-de-Seine) depuis 2005, et professeur au CESMD de Poitiers. R\u00e9guli\u00e8rement demand\u00e9 &hellip; <\/p>\n<p><a class=\"more-link btn\" href=\"https:\/\/ritmy.fr\/essais\/concerts-2\/olivier-houette-a-neauphle-le-chateau\/\">Lire la suite<\/a><\/p>\n","protected":false},"author":2,"featured_media":0,"parent":11,"menu_order":66,"comment_status":"closed","ping_status":"closed","template":"","meta":{"footnotes":""},"class_list":["post-7277","page","type-page","status-publish","hentry","nodate","item-wrap"],"_links":{"self":[{"href":"https:\/\/ritmy.fr\/essais\/wp-json\/wp\/v2\/pages\/7277","targetHints":{"allow":["GET"]}}],"collection":[{"href":"https:\/\/ritmy.fr\/essais\/wp-json\/wp\/v2\/pages"}],"about":[{"href":"https:\/\/ritmy.fr\/essais\/wp-json\/wp\/v2\/types\/page"}],"author":[{"embeddable":true,"href":"https:\/\/ritmy.fr\/essais\/wp-json\/wp\/v2\/users\/2"}],"replies":[{"embeddable":true,"href":"https:\/\/ritmy.fr\/essais\/wp-json\/wp\/v2\/comments?post=7277"}],"version-history":[{"count":32,"href":"https:\/\/ritmy.fr\/essais\/wp-json\/wp\/v2\/pages\/7277\/revisions"}],"predecessor-version":[{"id":9808,"href":"https:\/\/ritmy.fr\/essais\/wp-json\/wp\/v2\/pages\/7277\/revisions\/9808"}],"up":[{"embeddable":true,"href":"https:\/\/ritmy.fr\/essais\/wp-json\/wp\/v2\/pages\/11"}],"wp:attachment":[{"href":"https:\/\/ritmy.fr\/essais\/wp-json\/wp\/v2\/media?parent=7277"}],"curies":[{"name":"wp","href":"https:\/\/api.w.org\/{rel}","templated":true}]}}