{"id":3592,"date":"2011-08-12T15:16:36","date_gmt":"2011-08-12T14:16:36","guid":{"rendered":"http:\/\/ritmy.fr\/essais\/?page_id=3592"},"modified":"2025-09-05T15:26:20","modified_gmt":"2025-09-05T14:26:20","slug":"saisons-passees","status":"publish","type":"page","link":"https:\/\/ritmy.fr\/essais\/concerts-2\/saisons-passees\/","title":{"rendered":"LES SAISONS PASS\u00c9ES"},"content":{"rendered":"\n<h2 class=\"wp-block-heading\"><span style=\"color: #000080;\"><strong>Retrouvez ici les artistes, les \u0153uvres, que vous avez aim\u00e9s \u2026<\/strong><\/span><\/h2>\n\n\n\n<h3 class=\"wp-block-heading\" style=\"line-height:2\"><em>Pour cela, il suffit de cliquer sur les diff\u00e9rentes lignes des concerts et artistes.<\/em><\/h3>\n\n\n\n<p class=\"has-larger-font-size\" style=\"line-height:1\"><span style=\"text-decoration: underline; color: #000080;\"><strong>Les 29es Saisons Musicales 2018-2019 :<\/strong><\/span><\/p>\n\n\n\n<p class=\"has-large-font-size\" style=\"line-height:1\"><strong><a href=\"https:\/\/ritmy.fr\/essais\/concerts-2\/harpe-ondes-martenot-et-glassharmonica-a-mareil\/\">Harpe, Ondes Martenot et Glassharmonica, \u00e0 Mareil-sur-Mauldre le 7 octobre 2018<\/a><\/strong><\/p>\n\n\n\n<p class=\"has-large-font-size\" style=\"line-height:1\"><strong><a href=\"https:\/\/ritmy.fr\/essais\/concerts-2\/rossfelder-guitar-quartet-a-houdan\/\">Le \u2018ROSSFELDER Guitar Quartet\u2019, \u00e0 Houdan le 18 novembre 2018<\/a><\/strong><\/p>\n\n\n\n<p class=\"has-large-font-size\" style=\"line-height:1\"><strong><a href=\"https:\/\/ritmy.fr\/essais\/concerts-2\/la-boite-a-joujoux-a-mere\/\">Concert \u2018Jeune public\u2019 \u2013 \u2018La Bo\u00eete \u00e0 joujoux\u2019, \u00e0 M\u00e9r\u00e9 le dimanche 2 d\u00e9cembre 2018<\/a><\/strong><\/p>\n\n\n\n<p class=\"has-large-font-size\" style=\"line-height:1\"><strong><a href=\"https:\/\/ritmy.fr\/essais\/concerts-2\/alexandra-soumm-et-ismael-margain\/\">Alexandra SOUMM et Isma\u00ebl MARGAIN, \u00e0 Neauphle-le-Ch\u00e2teau le 16 d\u00e9cembre 2018<\/a><\/strong><\/p>\n\n\n\n<p class=\"has-large-font-size\" style=\"line-height:1\"><a href=\"https:\/\/ritmy.fr\/essais\/romain-leleu-et-convergences\/\"><strong>Romain LELEU et l\u2019Ensemble \u2018Convergences\u2019, \u00e0 Orgerus le 13 janvier 2019<\/strong><\/a><\/p>\n\n\n\n<p class=\"has-large-font-size\" style=\"line-height:1\"><strong><a href=\"https:\/\/ritmy.fr\/essais\/concerts-2\/trio-boheme-a-richebourg\/\">Le TRIO BOH\u00c8ME, \u00e0 Richebourg le 10 f\u00e9vrier 2019<\/a><\/strong><\/p>\n\n\n\n<p class=\"has-large-font-size\" style=\"line-height:1\"><strong><a href=\"https:\/\/ritmy.fr\/essais\/concerts-2\/la-petite-symphonie-a-mere\/\">La PETITE SYMPHONIE, \u00e0 M\u00e9r\u00e9 le 31 mars 2019<\/a><\/strong><\/p>\n\n\n\n<p>.<\/p>\n\n\n\n<p class=\"has-larger-font-size\" style=\"line-height:1\"><span style=\"text-decoration: underline; color: #000080;\"><strong>Les 28es Saisons Musicales 2017-2018 :<\/strong><\/span><\/p>\n\n\n\n<p class=\"has-large-font-size\" style=\"line-height:1\"><strong><a href=\"https:\/\/ritmy.fr\/essais\/quatuor-elysee\/\">Le Quatuor ELYS\u00c9E \u00e0 Mareil-sur-Mauldre, le 15 octobre 2017<\/a><\/strong><\/p>\n\n\n\n<p class=\"has-large-font-size\" style=\"line-height:1\"><strong><a href=\"https:\/\/ritmy.fr\/essais\/concerts-2\/ff-guy-et-x-phillips\/\">Fran\u00e7ois-Fr\u00e9d\u00e9ric GUY et Xavier PHILLIPS, \u00e0 Neauphle-le-Ch\u00e2teau le 19 novembre 2017<\/a><\/strong><\/p>\n\n\n\n<p class=\"has-large-font-size\" style=\"line-height:1\"><strong><a href=\"https:\/\/ritmy.fr\/essais\/concerts-2\/recital-francois-frederic-guy\/\">R\u00e9cital de piano Fran\u00e7ois-Fr\u00e9d\u00e9ric GUY, \u00e0 M\u00e9r\u00e9 le 10 d\u00e9cembre 2017<\/a><\/strong><\/p>\n\n\n\n<p class=\"has-large-font-size\" style=\"line-height:1\"><strong><a href=\"https:\/\/ritmy.fr\/essais\/concerts-2\/merrie-hot-melodies-jazz-orchestra\/\">Le \u2018MERRIE HOT MELODIES\u2019 Jazz Orchestra, \u00e0 ORGERUS le 21 janvier 2018<\/a><\/strong><\/p>\n\n\n\n<p class=\"has-large-font-size\" style=\"line-height:1\"><strong><a href=\"https:\/\/ritmy.fr\/essais\/concerts-2\/quatuor-beat-a-richebourg\/\">Le Quatuor de percussions \u2018BEAT\u2019, \u00e0 Richebourg le 11 mars 2018<\/a><\/strong><\/p>\n\n\n\n<p class=\"has-large-font-size\" style=\"line-height:1\"><strong><a href=\"https:\/\/ritmy.fr\/essais\/concerts-2\/ensemble-il-festino\/\">L\u2019Ensemble \u2018IL FESTINO\u2019, \u00e0 Houdan le 25 mars 2018<\/a><\/strong><\/p>\n\n\n\n<p>.<\/p>\n\n\n\n<h3 class=\"wp-block-heading\" style=\"line-height:1\"><span style=\"text-decoration: underline; color: #000080;\"><strong>Les 27es Saisons Musicales 2016-2017 :<\/strong><\/span><\/h3>\n\n\n\n<p class=\"has-large-font-size\" style=\"line-height:1\"><strong><a href=\"https:\/\/ritmy.fr\/essais\/concerts-2\/le-quatuor-vocal-adam-aux-mesnuls-le-20-novembre-2016\/\">Le Quatuor vocal A\u2019DAM, aux Mesnuls le 20 novembre 2016<\/a><\/strong><\/p>\n\n\n\n<p class=\"has-large-font-size\" style=\"line-height:1\"><strong><a href=\"https:\/\/ritmy.fr\/essais\/concerts-2\/elodie-soulard-raphael-pidoux-a-houdan-le-5-novembre-2016\/\">Elodie SOULARD \u2013 R<\/a><a href=\"https:\/\/ritmy.fr\/essais\/concerts-2\/tout-sur-les-27iemes-saisons\/elodie-soulard-raphael-pidoux-a-houdan-le-5-novembre-2016\/\">apha\u00ebl PIDOUX, \u00e0 Houdan le 5 novembre 2016<\/a><\/strong><\/p>\n\n\n\n<p class=\"has-large-font-size\" style=\"line-height:1\"><strong><a href=\"https:\/\/ritmy.fr\/essais\/concerts-2\/karine-deshayes-a-neauphle-le-chateau\/\">Karine DESHAYES, en r\u00e9cital, \u00e0 Neauphle-le-Ch\u00e2teau le 4 d\u00e9cembre 2016<\/a><\/strong><\/p>\n\n\n\n<p class=\"has-large-font-size\" style=\"line-height:1\"><strong><a href=\"https:\/\/ritmy.fr\/essais\/concerts-2\/thomas-enhco-ismael-margain-a-orgerus\/\">Thomas ENHCO et Isma\u00ebl MARGAIN, \u00e0 Orgerus le 29 janvier 2017<\/a><\/strong><\/p>\n\n\n\n<p class=\"has-large-font-size\" style=\"line-height:1\"><strong><a href=\"https:\/\/ritmy.fr\/essais\/concerts-2\/duo-harpian-a-mareil\/\">Le Duo HARPIAN, \u00e0 Mareil-sur-Mauldre le 5 mars 2017<\/a><\/strong><\/p>\n\n\n\n<p class=\"has-large-font-size\" style=\"line-height:1\"><strong><a href=\"https:\/\/ritmy.fr\/essais\/concerts-2\/spiritango-quartet\/\">Le SpiriTango Quartet, \u00e0 RICHEBOURG le 26 mars 2017<\/a><\/strong><\/p>\n\n\n\n<p class=\"has-large-font-size\" style=\"line-height:1\"><strong><a href=\"https:\/\/ritmy.fr\/essais\/concerts-2\/trio-les-esprits-a-mere\/\">Le Trio \u00ab&nbsp;Les ESPRITS&nbsp;\u00bb, avec Adam LALOUM au piano, \u00e0 M\u00e9r\u00e9 le 22 avril 2017<\/a><\/strong><\/p>\n\n\n\n<p>.<\/p>\n\n\n\n<p class=\"has-larger-font-size\" style=\"line-height:1\"><span style=\"text-decoration: underline; color: #000080;\"><strong>Les 26es Saisons Musicales 2015-2016 :<\/strong><\/span><\/p>\n\n\n\n<p class=\"has-large-font-size\" style=\"line-height:1\"><strong><a href=\"https:\/\/ritmy.fr\/essais\/concerts-2\/lensemble-messiaen-avec-raphael-severe-a-la-clarinette-a-neauphle-le-11-octobre-2015\/\">L\u2019Ensemble MESSIAEN, avec Rapha\u00ebl SEVERE \u00e0 la clarinette, \u00e0 Neauphle-le-Ch\u00e2teau le 11 octobre 2015<\/a><\/strong><\/p>\n\n\n\n<p class=\"has-large-font-size\" style=\"line-height:1\"><strong><a href=\"https:\/\/ritmy.fr\/essais\/concerts-2\/le-quintette-de-cuivres-magnifica-a-houdan-le-7-novembre-2015\/\">Le Quintette de cuivres MAGNIFICA, \u00e0 Houdan le 7 novembre 2015<\/a><\/strong><\/p>\n\n\n\n<p class=\"has-large-font-size\" style=\"line-height:1\"><strong><a href=\"https:\/\/ritmy.fr\/essais\/concerts-2\/les-tromano-a-orgerus-le-17-janvier-2016\/\">Les TROMANO \u00e0 Orgerus, le 17 janvier 2016<\/a><\/strong><\/p>\n\n\n\n<p class=\"has-large-font-size\" style=\"line-height:1\"><strong><a href=\"https:\/\/ritmy.fr\/essais\/concerts-2\/vivaldi-avec-lorchestre-de-chambre-nouvelle-europe-a-mareil-sur-mauldre-le-14-fevrier-2016\/\">VIVALDI, avec l\u2019Orchestre de Chambre Nouvelle Europe, \u00e0 Mareil-sur-Mauldre, le 14 f\u00e9vrier 2016<\/a><\/strong><\/p>\n\n\n\n<p class=\"has-large-font-size\" style=\"line-height:1\"><strong><a href=\"https:\/\/ritmy.fr\/essais\/concerts-2\/jean-rondeau-richebourg-mars-2016\/\">Jean RONDEAU, \u00e0 Richebourg le 13 mars 2016<\/a><\/strong><\/p>\n\n\n\n<p class=\"has-large-font-size\" style=\"line-height:1\"><strong><a href=\"https:\/\/ritmy.fr\/essais\/concerts-2\/les-philartcellistes-a-mere-le-9-avril-2016\/\">Les PHIL\u2019ART\u2019CELLISTES, \u00e0 M\u00e9r\u00e9 le 9 avril 2016<\/a><\/strong><\/p>\n\n\n\n<p class=\"has-large-font-size\" style=\"line-height:1\"><strong><a href=\"https:\/\/ritmy.fr\/essais\/concerts-2\/familial-babar-orgerus-avril-2016\/\">Concert Familial \u2013 BABAR, \u00e0 Orgerus le 3 avril 2016<\/a><\/strong><\/p>\n\n\n\n<p style=\"line-height:0.6\">.<\/p>\n\n\n\n<p class=\"has-larger-font-size\" style=\"line-height:1\"><span style=\"text-decoration: underline; color: #000080;\"><strong>Les 25es Saisons Musicales 2014-2015 :<\/strong><\/span><\/p>\n\n\n\n<p class=\"has-large-font-size\" style=\"line-height:1\"><strong><a href=\"https:\/\/ritmy.fr\/essais\/concerts-2\/le-quatuor-enesco-a-mareil-sur-mauldre-le-12-octobre-2014\/\">Le QUATUOR ENESCO \u00e0 Mareil-sur-Mauldre, le 12 octobre 2014<\/a><\/strong><\/p>\n\n\n\n<p class=\"has-large-font-size\" style=\"line-height:1\"><strong><a href=\"https:\/\/ritmy.fr\/essais\/concerts-2\/le-trio-empreinte-a-neauphle-le-chateau-le-16-novembre-2014-2\/\">Le Trio EMPREINTE \u00e0 Neauphle-le-Ch\u00e2teau le 16 novembre 2014<\/a><\/strong><\/p>\n\n\n\n<p class=\"has-large-font-size\" style=\"line-height:1\"><strong><a href=\"https:\/\/ritmy.fr\/essais\/concerts-2\/le-trio-casadesus-enhco-a-orgerus-le-18-janvier-2015\/\">Le Trio CASADESUS \u2013 ENHCO \u00e0 Orgerus, le 18 Janvier 2015<\/a><\/strong><\/p>\n\n\n\n<p class=\"has-large-font-size\" style=\"line-height:1\"><strong><a href=\"https:\/\/ritmy.fr\/essais\/concerts-2\/tout-sur-les-25iemes-saisons\/sylvain-beuf-electric-quartet-le-14-fevrier-2015-a-longnes\/\">Sylvain<\/a><\/strong><a href=\"https:\/\/ritmy.fr\/essais\/sylvain-beuf-electric-quartet-a-longnes-le-14-fevrier-2015\/\"><strong> BEUF \u2018Electric Quartet\u2019, le 14 f\u00e9vrier 2015, \u00e0 Longnes<\/strong><\/a><\/p>\n\n\n\n<p class=\"has-large-font-size\" style=\"line-height:1\"><strong><a href=\"https:\/\/ritmy.fr\/essais\/concerts-2\/le-choeur-de-chambre-les-temperamens-variations-a-richebourg-le-8-mars-2015\/\">\u00ab&nbsp;Les TEMPERAMENS VARIATIONS&nbsp;\u00bb \u00e0 RICHEBOURG, le 8 Mars 2015<\/a><\/strong><\/p>\n\n\n\n<p class=\"has-large-font-size\" style=\"line-height:1\"><strong><a href=\"https:\/\/ritmy.fr\/essais\/duo-alto-piano-avec-adrien-la-marca-et-adam-laloum-le-21-mars-a-mere\/\">Duo alto-piano avec Adrien La MARCA et Adam LALOUM, le 21 mars \u00e0 M\u00e9r\u00e9<\/a><\/strong><\/p>\n\n\n\n<p>.<\/p>\n\n\n\n<p class=\"has-larger-font-size\" style=\"line-height:1\"><span style=\"text-decoration: underline; color: #000080;\"><strong>Les 24es Saisons Musicales 2013-2014 :<\/strong><\/span><\/p>\n\n\n\n<p class=\"has-large-font-size\" style=\"line-height:1\"><strong><a href=\"https:\/\/ritmy.fr\/essais\/concerts-2\/lensemble-musique-oblique-a-mere-le-17-novembre-2013\/\">L\u2019Ensemble MUSIQUE OBLIQUE &#8211; 17 novembre 2013 \u00e0 M\u00e9r\u00e9 <\/a><\/strong><\/p>\n\n\n\n<p class=\"has-large-font-size\" style=\"line-height:1\"><strong><a href=\"https:\/\/ritmy.fr\/essais\/concerts-2\/duo-marimba-piano-a-richebourg-le-8-decembre\/\">Duo MARIMBA \u2013 PIANO &#8211; 8 d\u00e9cembre 2013\u00e0 Richebourg<\/a><\/strong><\/p>\n\n\n\n<p class=\"has-large-font-size\" style=\"line-height:1\"><a href=\"https:\/\/ritmy.fr\/essais\/concerts-2\/le-quatuor-caliente-a-mareil-sur-mauldre-le-19-janvier-2014\/\"><strong>Le QUATUOR CALIENTE &#8211; 19 Janvier 2014\u00e0 Mareil-sur-Mauldre<\/strong> <\/a><\/p>\n\n\n\n<p class=\"has-large-font-size\" style=\"line-height:1\"><strong><a href=\"https:\/\/ritmy.fr\/essais\/concerts-2\/david-eskenazy-trio-a-garancieres-le-9-fevrier-2014\/\">David ESKENAZY Trio &#8211; 9 F\u00e9vrier 2014 \u00e0 GARANCIERES<\/a><\/strong><\/p>\n\n\n\n<p class=\"has-large-font-size\" style=\"line-height:1\"><strong><a href=\"https:\/\/ritmy.fr\/essais\/concerts-2\/lensemble-vocal-sequenza-a-orgerus-le-23-mars-2014\/\">L\u2019Ensemble vocal SEQUENZA &#8211; 23 mars 2014 \u00e0 Orgerus<\/a><\/strong><\/p>\n\n\n\n<p>.<\/p>\n\n\n\n<p class=\"has-larger-font-size\" style=\"line-height:1\"><span style=\"text-decoration: underline; color: #000080;\"><strong>Les 23es Saisons Musicales 2012-2013 :<\/strong><\/span><\/p>\n\n\n\n<p class=\"has-large-font-size\" style=\"line-height:1\"><a href=\"https:\/\/ritmy.fr\/essais\/concerts-2\/olivier-houette-a-neauphle-le-chateau\/\"><strong>Olivier HOUETTE &#8211; 30 septembre 2012 \u00e0 NEAUPHLE-LE-CH\u00c2TEAU<\/strong><\/a><\/p>\n\n\n\n<p class=\"has-large-font-size\" style=\"line-height:1\"><a href=\"https:\/\/ritmy.fr\/essais\/concerts-2\/les-musiciens-de-melle-de-guise-a-maule\/\"><strong>\u00ab&nbsp;Les Musiciens de Mademoiselle de Guise&nbsp;\u00bb &#8211; 20 octobre 2012 \u00e0 MAULE<\/strong><\/a><\/p>\n\n\n\n<p class=\"has-large-font-size\" style=\"line-height:1\"><a href=\"https:\/\/ritmy.fr\/essais\/concerts-2\/quatuor-hermarque-a-mareil-sur-mauldre\/\"><strong>Quatuor HERMARQUE &#8211; 18 novembre 2012 \u00e0 MAREIL-sur-MAULDRE<\/strong><\/a><\/p>\n\n\n\n<p class=\"has-large-font-size\" style=\"line-height:1\"><a href=\"https:\/\/ritmy.fr\/essais\/concerts-2\/concert-de-noel-pierre-et-le-loup-le-9-decembre-a-richebourg\/\"><strong>Concert de NO\u00cbL \u00ab&nbsp;PIERRE et le LOUP&nbsp;\u00bb &#8211; 9 d\u00e9cembre \u00e0 RICHEBOURG<\/strong><\/a><\/p>\n\n\n\n<p class=\"has-large-font-size\" style=\"line-height:1\"><a href=\"https:\/\/ritmy.fr\/essais\/concerts-2\/jazz-avec-eric-barret-jacques-pellen-a-garancieres\/\"><strong>JAZZ avec Eric BARRET \/ Jacques PELLEN &#8211; 27 janvier 2013 \u00e0 GARANCIERES<\/strong><\/a><\/p>\n\n\n\n<p class=\"has-large-font-size\" style=\"line-height:1\"><a href=\"https:\/\/ritmy.fr\/essais\/concerts-2\/2-pianos-percussions-programme-bartok-et-stravinsky-a-beynes-le-23-fevrier\/\"><strong>\u20182 PIANOS \u2013 PERCUSSIONS\u2019, programme Bartok et Stravinsky &#8211; 23 f\u00e9vrier 2013  \u00e0 BEYNES<\/strong><\/a><\/p>\n\n\n\n<p class=\"has-large-font-size\" style=\"line-height:1\"><a href=\"https:\/\/ritmy.fr\/essais\/concerts-2\/le-pianiste-virtuose-kotaro-fukuma-a-mere-le-24-mars\/\"><strong>KOTARO FUKUMA &#8211; 24 mars 2013 \u00e0 M\u00e9r\u00e9<\/strong><\/a><\/p>\n\n\n\n<p>.<\/p>\n\n\n\n<h3 class=\"wp-block-heading\"><span style=\"text-decoration: underline; color: #000080;\"><strong>Les 22es Saisons Musicales 2011-2012 :<\/strong><\/span><\/h3>\n\n\n\n<h4 class=\"wp-block-heading\" style=\"line-height:1\"><strong><a href=\"https:\/\/ritmy.fr\/essais\/?page_id=3663\">ORGUE et VIOLON &nbsp;&#8211; &nbsp;16 Octobre 2011 \u00e0 NEAUPHLE-LE-CHATEAU<\/a><\/strong><\/h4>\n\n\n\n<h4 class=\"wp-block-heading\" style=\"line-height:1\"><strong><a href=\"https:\/\/ritmy.fr\/essais\/concerts-2\/20-novembre-2011\/\">QUATUOR EQUINOXE &nbsp; &#8211; &nbsp;20 Novembre 2011 \u00e0 MAREIL\/MAULDRE<\/a><\/strong><\/h4>\n\n\n\n<h4 class=\"wp-block-heading\" style=\"line-height:1\"><strong><a href=\"https:\/\/ritmy.fr\/essais\/concerts-2\/21-janvier-2012\/\">CHOEUR OPERA LYRE &nbsp; &#8211; &nbsp;23 Janvier 2012 \u00e0 GARANCIERES<\/a><\/strong><\/h4>\n\n\n\n<h4 class=\"wp-block-heading\" style=\"line-height:1\"><strong><a href=\"https:\/\/ritmy.fr\/essais\/concerts-2\/12-fevrier-2012\/\">JAZZ avec Niels LAN DOKY &nbsp; &#8211; &nbsp;12 F\u00e9vrier 2012 \u00e0 RICHEBOURG<\/a><\/strong><\/h4>\n\n\n\n<h4 class=\"wp-block-heading\" style=\"line-height:1\"><strong><a title=\"PANAM\u2019TROMBONE\" href=\"https:\/\/ritmy.fr\/essais\/?page_id=4468\">PAN&rsquo;AM TROMBONE &nbsp;&#8211; 17 Mars 2012 \u00e0 MAULE<\/a><\/strong><\/h4>\n\n\n\n<h4 class=\"wp-block-heading\" style=\"line-height:1\"><strong><a title=\"CH\u0152UR MONTANSIER\" href=\"https:\/\/ritmy.fr\/essais\/?page_id=6505\">CHOEUR MONTANSIER &nbsp;&#8211; &nbsp;24 Mars 2012 \u00e0 MERE<\/a><\/strong><\/h4>\n\n\n\n<p>.<\/p>\n\n\n\n<h3 class=\"wp-block-heading\"><strong><span style=\"text-decoration: underline; color: #000080;\">Les 21es Saisons Musicales 2010-2011 <\/span><span style=\"color: #000080;\">:<\/span><\/strong><\/h3>\n\n\n\n<h4 class=\"wp-block-heading\" style=\"line-height:1\"><strong><a href=\"https:\/\/ritmy.fr\/essais\/ritmy\/concerts-2\/voce-isulane\/\">CHANTS CORSES \u00a0par VOCEISULANE \u00a0&#8211; 17 Octobre 2010 \u00e0 NEAUPHLE-LE-CHATEAU<\/a><\/strong><\/h4>\n\n\n\n<h4 class=\"wp-block-heading\" style=\"line-height:1\"><strong><a href=\"https:\/\/ritmy.fr\/essais\/concerts-2\/20-novembre-2010\/\">MISA CRIOLLA par LOS CALCHAKIS &nbsp;&#8211; &nbsp;20 Novembre 2010 \u00e0 MONTFORT L&rsquo;AMAURY<\/a><\/strong><\/h4>\n\n\n\n<h4 class=\"wp-block-heading\" style=\"line-height:1\"><strong><a href=\"https:\/\/ritmy.fr\/essais\/concerts-2\/11-decembre-2010\/\">MUSIQUE de la RENAISSANCE par Les MUSICIENS de Melle DE GUISE &nbsp;&#8211; &nbsp;11 D\u00e9cembre 2010 \u00e0 RICHEBOURG<\/a><\/strong><\/h4>\n\n\n\n<h4 class=\"wp-block-heading\" style=\"line-height:1\"><strong><a href=\"https:\/\/ritmy.fr\/essais\/concerts-2\/23-janvier-2011\/\">CORDES PINCEES &nbsp;&#8211; &nbsp;23 Janvier 2011 \u00e0 MAREIL-sur-MAULDRE<\/a><\/strong><\/h4>\n\n\n\n<h4 class=\"wp-block-heading\" style=\"line-height:1\"><strong><a href=\"https:\/\/ritmy.fr\/essais\/concerts-2\/5-fevrier-2011\/\">QUAI N\u00b0 5 &nbsp;&#8211; &nbsp;5 F\u00e9vrier 2011 \u00e0 MAULE<\/a><\/strong><\/h4>\n\n\n\n<h4 class=\"wp-block-heading\" style=\"line-height:1\"><strong><a href=\"https:\/\/ritmy.fr\/essais\/concerts-2\/19-mars-2011-2\/\">SHANI DILUKA &nbsp;&#8211; &nbsp;19 Mars 2011 \u00e0 MERE<\/a><\/strong><\/h4>\n\n\n\n<h4 class=\"wp-block-heading\" style=\"line-height:1\"><strong><a href=\"https:\/\/ritmy.fr\/essais\/ritmy\/concerts-2\/le-spectacle-pour-enfant-des-xxi-saisons\/\">LES BONS BECS &nbsp;&#8211; &nbsp;15 Mai 2011 \u00e0 NEAUPHLE-LE-CHATEAU<\/a><\/strong><\/h4>\n","protected":false},"excerpt":{"rendered":"<p>Retrouvez ici les artistes, les \u0153uvres, que vous avez aim\u00e9s \u2026 Pour cela, il suffit de cliquer sur les diff\u00e9rentes lignes des concerts et artistes. Les 29es Saisons Musicales 2018-2019 : Harpe, Ondes Martenot et Glassharmonica, \u00e0 Mareil-sur-Mauldre le 7 octobre 2018 Le \u2018ROSSFELDER Guitar Quartet\u2019, \u00e0 Houdan le 18 novembre 2018 Concert \u2018Jeune public\u2019 &hellip; <\/p>\n<p><a class=\"more-link btn\" href=\"https:\/\/ritmy.fr\/essais\/concerts-2\/saisons-passees\/\">Lire la suite<\/a><\/p>\n","protected":false},"author":1,"featured_media":0,"parent":11,"menu_order":16,"comment_status":"closed","ping_status":"closed","template":"","meta":{"footnotes":""},"class_list":["post-3592","page","type-page","status-publish","hentry","nodate","item-wrap"],"_links":{"self":[{"href":"https:\/\/ritmy.fr\/essais\/wp-json\/wp\/v2\/pages\/3592","targetHints":{"allow":["GET"]}}],"collection":[{"href":"https:\/\/ritmy.fr\/essais\/wp-json\/wp\/v2\/pages"}],"about":[{"href":"https:\/\/ritmy.fr\/essais\/wp-json\/wp\/v2\/types\/page"}],"author":[{"embeddable":true,"href":"https:\/\/ritmy.fr\/essais\/wp-json\/wp\/v2\/users\/1"}],"replies":[{"embeddable":true,"href":"https:\/\/ritmy.fr\/essais\/wp-json\/wp\/v2\/comments?post=3592"}],"version-history":[{"count":97,"href":"https:\/\/ritmy.fr\/essais\/wp-json\/wp\/v2\/pages\/3592\/revisions"}],"predecessor-version":[{"id":30481,"href":"https:\/\/ritmy.fr\/essais\/wp-json\/wp\/v2\/pages\/3592\/revisions\/30481"}],"up":[{"embeddable":true,"href":"https:\/\/ritmy.fr\/essais\/wp-json\/wp\/v2\/pages\/11"}],"wp:attachment":[{"href":"https:\/\/ritmy.fr\/essais\/wp-json\/wp\/v2\/media?parent=3592"}],"curies":[{"name":"wp","href":"https:\/\/api.w.org\/{rel}","templated":true}]}}