{"id":28235,"date":"2023-04-22T22:25:59","date_gmt":"2023-04-22T21:25:59","guid":{"rendered":"https:\/\/ritmy.fr\/essais\/?page_id=28235"},"modified":"2023-06-13T15:51:44","modified_gmt":"2023-06-13T14:51:44","slug":"houdan","status":"publish","type":"page","link":"https:\/\/ritmy.fr\/essais\/concerts-2\/les-34es-saisons-2\/houdan\/","title":{"rendered":"TRIO GEORGE SAND \u00e0 HOUDAN"},"content":{"rendered":"\n<script language=\"Javascript\">\n<!--\nfunction isMobileDevice() \n{ \nif (\/Mobil\/i.test(navigator.userAgent))\n  {\n  window.open(\"https:\/\/ritmy.fr\/essais\/34-houdan-mobile\/\", \"_top\");\n  }\n}\n\/\/-->\n<\/script>\n<script type=\"text\/javascript\">isMobileDevice()<\/script>\n\n\n\n<p class=\"has-vivid-cyan-blue-color has-text-color has-larger-font-size\"><strong>le dimanche 10 mars 2024 \u00e0 17h \u00e0 <strong>l&rsquo;\u00e9glise Saint-Jacques<\/strong><\/strong><\/p>\n\n\n\n<p><\/p>\n\n\n\n<p class=\"has-text-align-center has-larger-font-size\"><strong>Piano &#8211; Violon &#8211; Violoncelle<\/strong><\/p>\n\n\n\n<p class=\"has-large-font-size\">Le Trio George Sand, compos\u00e9 de la violoniste Virginie Buscail, de la violoncelliste Diana Ligeti et de la pianiste Anne-Lise Gastaldi, a un r\u00e9pertoire qui couvre plus de 250 ans de musique, de Haydn, Mozart, Beethoven, en passant par la p\u00e9riode romantique que le trio aime tout particuli\u00e8rement explorer, pour arriver \u00e0 notre \u00e9poque actuelle avec des pi\u00e8ces \u00e9crites sp\u00e9cifiquement pour elles par G\u00e9rard Pesson et Michael Jarrell.<\/p>\n\n\n<div class=\"wp-block-image\">\n<figure class=\"aligncenter size-large\"><img loading=\"lazy\" decoding=\"async\" width=\"1000\" height=\"750\" src=\"https:\/\/ritmy.fr\/essais\/wp-content\/uploads\/2023\/04\/Trio-George-Sand-1-credit-Lyodoh-Kaneko-1000x750.jpg\" alt=\"\" class=\"wp-image-28236\" srcset=\"https:\/\/ritmy.fr\/essais\/wp-content\/uploads\/2023\/04\/Trio-George-Sand-1-credit-Lyodoh-Kaneko-1000x750.jpg 1000w, https:\/\/ritmy.fr\/essais\/wp-content\/uploads\/2023\/04\/Trio-George-Sand-1-credit-Lyodoh-Kaneko-300x225.jpg 300w, https:\/\/ritmy.fr\/essais\/wp-content\/uploads\/2023\/04\/Trio-George-Sand-1-credit-Lyodoh-Kaneko-768x576.jpg 768w, https:\/\/ritmy.fr\/essais\/wp-content\/uploads\/2023\/04\/Trio-George-Sand-1-credit-Lyodoh-Kaneko-1536x1152.jpg 1536w, https:\/\/ritmy.fr\/essais\/wp-content\/uploads\/2023\/04\/Trio-George-Sand-1-credit-Lyodoh-Kaneko-2048x1536.jpg 2048w, https:\/\/ritmy.fr\/essais\/wp-content\/uploads\/2023\/04\/Trio-George-Sand-1-credit-Lyodoh-Kaneko-803x602.jpg 803w\" sizes=\"auto, (max-width: 1000px) 100vw, 1000px\" \/><\/figure><\/div>\n\n\n<p class=\"has-large-font-size\">On les retrouve dans les plus grandes salles et festivals, de la Folle Journ\u00e9e de Nantes \u00e0 la Fenice de Venise, des festivals Berlioz, Chopin, Liszt aux festivals internationaux de Montr\u00e9al, Saint-P\u00e9tersbourg.<\/p>\n\n\n\n<p class=\"has-large-font-size\">Les trois musiciennes n\u2019h\u00e9sitent pas \u00e0 faire d\u00e9couvrir des \u0153uvres comme les trios de Lili Boulanger que le trio a cr\u00e9\u00e9s en premi\u00e8re mondiale.<\/p>\n\n\n<div class=\"wp-block-image\">\n<figure class=\"aligncenter size-large\"><img loading=\"lazy\" decoding=\"async\" width=\"1000\" height=\"476\" src=\"https:\/\/ritmy.fr\/essais\/wp-content\/uploads\/2023\/04\/TGS-3-1000x476.jpg\" alt=\"\" class=\"wp-image-28237\" srcset=\"https:\/\/ritmy.fr\/essais\/wp-content\/uploads\/2023\/04\/TGS-3-1000x476.jpg 1000w, https:\/\/ritmy.fr\/essais\/wp-content\/uploads\/2023\/04\/TGS-3-300x143.jpg 300w, https:\/\/ritmy.fr\/essais\/wp-content\/uploads\/2023\/04\/TGS-3-768x366.jpg 768w, https:\/\/ritmy.fr\/essais\/wp-content\/uploads\/2023\/04\/TGS-3-1536x732.jpg 1536w, https:\/\/ritmy.fr\/essais\/wp-content\/uploads\/2023\/04\/TGS-3-803x382.jpg 803w, https:\/\/ritmy.fr\/essais\/wp-content\/uploads\/2023\/04\/TGS-3.jpg 1833w\" sizes=\"auto, (max-width: 1000px) 100vw, 1000px\" \/><\/figure><\/div>\n\n\n<p class=\"has-large-font-size\">Apr\u00e8s ses \u00e9tudes musicales (CNSMD de Paris et Conservatoire de Gen\u00e8ve), <strong>Virginie Buscail<\/strong> entre en 1996 \u00e0 l&rsquo;orchestre Philharmonique de Radio France dont elle est actuellement violon solo. En tant que chambriste, elle s\u2019est produite aux c\u00f4t\u00e9s d\u2019Augustin Dumay, Barbara Hannigan, Anne Queff\u00e9lec et enseigne au CRR de Paris depuis 2017. Elle joue un violon de Domenico Montagnana de 1729.<\/p>\n\n\n\n<p class=\"has-large-font-size\">La violoncelliste <strong>Diana Ligeti<\/strong> joue avec des partenaires prestigieux comme Martha Argerich, Philippe Entremont, Chang-Cook Kim. Ses disques ont remport\u00e9 les \u00e9loges de la critique dont un ffff de \u00ab T\u00e9l\u00e9rama \u00bb, un Choc du \u00ab Monde de la musique \u00bb et un Diamant de \u00ab Op\u00e9ra magazine \u00bb. Elle est professeur au CNSMD de Paris, au CRR de Rueil-Malmaison et, en 2018, elle a \u00e9t\u00e9 nomm\u00e9e directrice artistique des Ecoles d\u2019art am\u00e9ricaines de Fontainebleau.<\/p>\n\n\n\n<p class=\"has-large-font-size\">La pianiste <strong>Anne-Lise Gastaldi<\/strong>, laur\u00e9ate \u00e9galement du programme \u00ab\u00a0Villa M\u00e9dicis Hors les Murs, enseigne le piano au CNSMD de Lyon et au CRR de Paris, la p\u00e9dagogie au CNSMD de Paris. On lui doit des recueils \u00e9crits par les plus grands compositeurs du d\u00e9but du 21\u00e8me si\u00e8cle. Elle est la directrice artistique des Journ\u00e9es Musicales Marcel Proust, du festival ClassicaVal de Val d\u2019Is\u00e8re. Elle est \u00e9galement directrice de collection aux Editions Billaudot.<\/p>\n\n\n<div class=\"wp-block-image\">\n<figure class=\"aligncenter size-full\"><img loading=\"lazy\" decoding=\"async\" width=\"960\" height=\"640\" src=\"https:\/\/ritmy.fr\/essais\/wp-content\/uploads\/2023\/04\/TGS-FB2.jpg\" alt=\"\" class=\"wp-image-28238\" srcset=\"https:\/\/ritmy.fr\/essais\/wp-content\/uploads\/2023\/04\/TGS-FB2.jpg 960w, https:\/\/ritmy.fr\/essais\/wp-content\/uploads\/2023\/04\/TGS-FB2-300x200.jpg 300w, https:\/\/ritmy.fr\/essais\/wp-content\/uploads\/2023\/04\/TGS-FB2-768x512.jpg 768w, https:\/\/ritmy.fr\/essais\/wp-content\/uploads\/2023\/04\/TGS-FB2-803x535.jpg 803w\" sizes=\"auto, (max-width: 960px) 100vw, 960px\" \/><\/figure><\/div>\n\n\n<p><\/p>\n\n\n\n<p class=\"has-large-font-size\"><strong>PROGRAMME<\/strong>&nbsp;:<\/p>\n\n\n\n<p class=\"has-large-font-size\">&nbsp;&nbsp;&nbsp;Schubert : Sonatensatz en si b\u00e9mol majeur D28<br>&nbsp;&nbsp;&nbsp;Schumann : Fantasiest\u00fccke op.88<br>&nbsp;&nbsp;&nbsp;Beethoven : Trio avec piano n\u00b07 en si b\u00e9mol majeur op.97 \u00ab\u00a0\u00e0 l&rsquo;Archiduc\u00a0\u00bb<\/p>\n\n\n\n<p class=\"has-large-font-size\">D\u00e9couvrez-les sur leur site internet : <a href=\"https:\/\/www.triogeorgesand.com\/\">https:\/\/www.triogeorgesand.com\/<\/a><\/p>\n\n\n\n<p class=\"has-large-font-size\">ainsi que sur ces vid\u00e9os :<\/p>\n\n\n\n<div class=\"wp-block-columns is-layout-flex wp-container-core-columns-is-layout-9d6595d7 wp-block-columns-is-layout-flex\">\n<div class=\"wp-block-column is-layout-flow wp-block-column-is-layout-flow\">\n<figure class=\"wp-block-embed is-type-video is-provider-youtube wp-block-embed-youtube wp-embed-aspect-16-9 wp-has-aspect-ratio\"><div class=\"wp-block-embed__wrapper\">\n<iframe loading=\"lazy\" title=\"Ecrits dans une sorte langue \u00e9trang\u00e8re, Trio George Sand, 2022\" width=\"803\" height=\"452\" src=\"https:\/\/www.youtube.com\/embed\/l9_cSOs3IQQ?feature=oembed\" frameborder=\"0\" allow=\"accelerometer; autoplay; clipboard-write; encrypted-media; gyroscope; picture-in-picture; web-share\" allowfullscreen><\/iframe>\n<\/div><figcaption class=\"wp-element-caption\">Ecrits dans une sorte de langue \u00e9trang\u00e8re, 2022<\/figcaption><\/figure>\n<\/div>\n\n\n\n<div class=\"wp-block-column is-layout-flow wp-block-column-is-layout-flow\">\n<figure class=\"wp-block-embed is-type-video is-provider-youtube wp-block-embed-youtube wp-embed-aspect-16-9 wp-has-aspect-ratio\"><div class=\"wp-block-embed__wrapper\">\n<iframe loading=\"lazy\" title=\"2019 - Trio George Sand avec la com\u00e9dienne Anny Duperey\" width=\"803\" height=\"452\" src=\"https:\/\/www.youtube.com\/embed\/K5CjFA77ik4?start=98&#038;feature=oembed\" frameborder=\"0\" allow=\"accelerometer; autoplay; clipboard-write; encrypted-media; gyroscope; picture-in-picture; web-share\" allowfullscreen><\/iframe>\n<\/div><figcaption class=\"wp-element-caption\">1<sup>er<\/sup> mouvement du trio de Ravel, 2019&nbsp;<\/figcaption><\/figure>\n<\/div>\n<\/div>\n\n\n\n<hr class=\"wp-block-separator has-css-opacity is-style-wide\"\/>\n\n\n\n<p class=\"has-black-color has-text-color has-large-font-size\">Il est fortement recommand\u00e9 de <strong>r\u00e9server en ligne<\/strong> en cliquant sur le bouton ci-dessous, ou en appelant le 06-08-02-22-22.<\/p>\n\n\n\n<div class=\"wp-block-buttons is-content-justification-center is-layout-flex wp-container-core-buttons-is-layout-16018d1d wp-block-buttons-is-layout-flex\">\n<div class=\"wp-block-button is-style-fill\"><a class=\"wp-block-button__link has-white-color has-vivid-cyan-blue-background-color has-text-color has-background wp-element-button\" href=\"https:\/\/ritmy.fr\/essais\/reserver\/\">R\u00c9SERVER VOS BILLETS<\/a><\/div>\n<\/div>\n\n\n\n<p class=\"has-background has-large-font-size\" style=\"background-color:#cceef7\">Afin de fluidifier l&rsquo;accueil du public, l&rsquo;ouverture des portes se fera <strong>\u00e0 partir de 16 h 15.<\/strong><\/p>\n\n\n\n<hr class=\"wp-block-separator has-css-opacity is-style-wide\"\/>\n\n\n\n<div class=\"wp-block-columns is-layout-flex wp-container-core-columns-is-layout-9d6595d7 wp-block-columns-is-layout-flex\">\n<div class=\"wp-block-column is-layout-flow wp-block-column-is-layout-flow\">\n<p> <\/p>\n\n\n\n<div style=\"height:41px\" aria-hidden=\"true\" class=\"wp-block-spacer\"><\/div>\n\n\n\n<p class=\"has-large-font-size\">Pour vous rendre \u00e0 l\u2019\u00c9glise Saint-Jacques de Houdan :<\/p>\n<\/div>\n\n\n\n<div class=\"wp-block-column is-layout-flow wp-block-column-is-layout-flow\">\n<iframe src=\"https:\/\/www.google.com\/maps\/embed?pb=!1m18!1m12!1m3!1d2628.6029471589986!2d1.599184015835476!3d48.78947001351086!2m3!1f0!2f0!3f0!3m2!1i1024!2i768!4f13.1!3m3!1m2!1s0x47e6a5d576191281%3A0x46c984cd8961a2ec!2sEglise%20Saint-Jacques%20et%20Saint-Christophe!5e0!3m2!1sfr!2sfr!4v1650901454347!5m2!1sfr!2sfr\" style=\"border:0;\" allowfullscreen=\"\" loading=\"lazy\" referrerpolicy=\"no-referrer-when-downgrade\" width=\"600\" height=\"450\"><\/iframe>\n<\/div>\n<\/div>\n\n\n\n<hr class=\"wp-block-separator has-css-opacity is-style-dots\"\/>\n\n\n\n<div class=\"wp-block-media-text is-vertically-aligned-top\" style=\"grid-template-columns:27% auto\"><figure class=\"wp-block-media-text__media\"><img loading=\"lazy\" decoding=\"async\" width=\"1000\" height=\"855\" src=\"https:\/\/ritmy.fr\/essais\/wp-content\/uploads\/2022\/04\/Houdan-complet-1000x855.png\" alt=\"\" class=\"wp-image-27384 size-full\" srcset=\"https:\/\/ritmy.fr\/essais\/wp-content\/uploads\/2022\/04\/Houdan-complet-1000x855.png 1000w, https:\/\/ritmy.fr\/essais\/wp-content\/uploads\/2022\/04\/Houdan-complet-300x257.png 300w, https:\/\/ritmy.fr\/essais\/wp-content\/uploads\/2022\/04\/Houdan-complet-768x657.png 768w, https:\/\/ritmy.fr\/essais\/wp-content\/uploads\/2022\/04\/Houdan-complet-803x687.png 803w, https:\/\/ritmy.fr\/essais\/wp-content\/uploads\/2022\/04\/Houdan-complet.png 1065w\" sizes=\"auto, (max-width: 1000px) 100vw, 1000px\" \/><\/figure><div class=\"wp-block-media-text__content\">\n<p class=\"has-large-font-size\">Concert organis\u00e9 conjointement par RITMY et l\u2019\u00c9cole de Musique de Houdan<\/p>\n<\/div><\/div>\n\n\n\n<div class=\"wp-block-media-text is-vertically-aligned-top\" style=\"grid-template-columns:28% auto\"><figure class=\"wp-block-media-text__media\"><img loading=\"lazy\" decoding=\"async\" width=\"1000\" height=\"500\" src=\"https:\/\/ritmy.fr\/essais\/wp-content\/uploads\/2018\/09\/SPEDIDAM-ENCADRE-r\u00e9duit-1000x500.jpg\" alt=\"\" class=\"wp-image-18150 size-full\" srcset=\"https:\/\/ritmy.fr\/essais\/wp-content\/uploads\/2018\/09\/SPEDIDAM-ENCADRE-r\u00e9duit-1000x500.jpg 1000w, https:\/\/ritmy.fr\/essais\/wp-content\/uploads\/2018\/09\/SPEDIDAM-ENCADRE-r\u00e9duit-300x150.jpg 300w, https:\/\/ritmy.fr\/essais\/wp-content\/uploads\/2018\/09\/SPEDIDAM-ENCADRE-r\u00e9duit-768x384.jpg 768w, https:\/\/ritmy.fr\/essais\/wp-content\/uploads\/2018\/09\/SPEDIDAM-ENCADRE-r\u00e9duit.jpg 1100w\" sizes=\"auto, (max-width: 1000px) 100vw, 1000px\" \/><\/figure><div class=\"wp-block-media-text__content\">\n<p class=\"has-large-font-size\">RITMY b\u00e9n\u00e9ficie du soutien de la SPEDIDAM.<\/p>\n<\/div><\/div>\n","protected":false},"excerpt":{"rendered":"<p>le dimanche 10 mars 2024 \u00e0 17h \u00e0 l&rsquo;\u00e9glise Saint-Jacques Piano &#8211; Violon &#8211; Violoncelle Le Trio George Sand, compos\u00e9 de la violoniste Virginie Buscail, de la violoncelliste Diana Ligeti et de la pianiste Anne-Lise Gastaldi, a un r\u00e9pertoire qui couvre plus de 250 ans de musique, de Haydn, Mozart, Beethoven, en passant par la &hellip; <\/p>\n<p><a class=\"more-link btn\" href=\"https:\/\/ritmy.fr\/essais\/concerts-2\/les-34es-saisons-2\/houdan\/\">Lire la suite<\/a><\/p>\n","protected":false},"author":5,"featured_media":0,"parent":28418,"menu_order":6,"comment_status":"closed","ping_status":"closed","template":"","meta":{"footnotes":""},"class_list":["post-28235","page","type-page","status-publish","hentry","nodate","item-wrap"],"_links":{"self":[{"href":"https:\/\/ritmy.fr\/essais\/wp-json\/wp\/v2\/pages\/28235","targetHints":{"allow":["GET"]}}],"collection":[{"href":"https:\/\/ritmy.fr\/essais\/wp-json\/wp\/v2\/pages"}],"about":[{"href":"https:\/\/ritmy.fr\/essais\/wp-json\/wp\/v2\/types\/page"}],"author":[{"embeddable":true,"href":"https:\/\/ritmy.fr\/essais\/wp-json\/wp\/v2\/users\/5"}],"replies":[{"embeddable":true,"href":"https:\/\/ritmy.fr\/essais\/wp-json\/wp\/v2\/comments?post=28235"}],"version-history":[{"count":10,"href":"https:\/\/ritmy.fr\/essais\/wp-json\/wp\/v2\/pages\/28235\/revisions"}],"predecessor-version":[{"id":28721,"href":"https:\/\/ritmy.fr\/essais\/wp-json\/wp\/v2\/pages\/28235\/revisions\/28721"}],"up":[{"embeddable":true,"href":"https:\/\/ritmy.fr\/essais\/wp-json\/wp\/v2\/pages\/28418"}],"wp:attachment":[{"href":"https:\/\/ritmy.fr\/essais\/wp-json\/wp\/v2\/media?parent=28235"}],"curies":[{"name":"wp","href":"https:\/\/api.w.org\/{rel}","templated":true}]}}