{"id":26464,"date":"2021-09-16T19:19:46","date_gmt":"2021-09-16T18:19:46","guid":{"rendered":"https:\/\/ritmy.fr\/essais\/?page_id=26464"},"modified":"2022-03-28T15:14:43","modified_gmt":"2022-03-28T14:14:43","slug":"ensemble-de-caelis","status":"publish","type":"page","link":"https:\/\/ritmy.fr\/essais\/concerts-2\/concerts-32eme-saison-2-mobile\/ensemble-de-caelis\/","title":{"rendered":"Ensemble De CAELIS  \u00e0 M\u00e9r\u00e9 le 10 avril 2022"},"content":{"rendered":"\n<script language=\"Javascript\">\n<!--\nfunction isMobileDevice() \n{ \nif (\/Mobil\/i.test(navigator.userAgent))\n  {\n  window.open(\"https:\/\/ritmy.fr\/essais\/de-caelis-mobile\/\", \"_top\");\n  }\n}\n\/\/-->\n<\/script>\n<script type=\"text\/javascript\">isMobileDevice()<\/script>\n\n\n\n<p class=\"has-text-align-center has-large-font-size has-vivid-cyan-blue-color has-text-color has-larger-font-size\" style=\"line-height:1.5\"><strong><strong><strong><strong><strong><strong>Ensemble De CAELIS <\/strong>&#8211;<em> \u00ab\u00a0Les Bavarde<\/em>s\u00a0\u00bb<\/strong><\/strong><\/strong><\/strong><br><\/strong><span class=\"has-text-align-center has-large-font-size\"><strong><strong><strong><strong><strong><strong>M\u00c9R\u00c9 &#8211; Dimanche 10 avril 2022, \u00e0 17h, \u00e9glise Saint-Denis<\/strong><\/strong><\/strong><\/strong><\/strong><\/strong><\/span><\/p>\n\n\n\n<p class=\"has-large-font-size\" id=\"block-988f87da-cdf3-4e61-99ed-10ceb0032f5b\"><strong>Cinq chanteuses<\/strong>, rejointes par une <strong>r\u00e9citante<\/strong>, nous proposent un programme exub\u00e9rant montrant que la \u00ab\u00a0musique savante\u00a0\u00bb peut s\u2019accommoder de l\u2019humour, de la th\u00e9\u00e2tralit\u00e9 et m\u00eame d\u2019une pointe de folie.<\/p>\n\n\n\n<div class=\"wp-block-media-text is-stacked-on-mobile is-image-fill\"><figure class=\"wp-block-media-text__media\" style=\"background-image:url(https:\/\/ritmy.fr\/essais\/wp-content\/uploads\/2020\/05\/DeCaelis\u00a9GuyVivien_1HD-r\u00e9duit-1000x763.jpeg);background-position:48% 68%\"><img decoding=\"async\" src=\"https:\/\/ritmy.fr\/essais\/wp-content\/uploads\/2020\/05\/DeCaelis\u00a9GuyVivien_1HD-r\u00e9duit-1000x763.jpeg\" alt=\"\"\/><\/figure><div class=\"wp-block-media-text__content\">\n<p class=\"has-large-font-size\">  Ce concert sc\u00e9nographi\u00e9 s\u2019adresse \u00e0 tous les publics et m\u00eale joyeusement motets du Moyen \u00c2ge, pi\u00e8ces de la Renaissance et cr\u00e9ations contemporaines.  <\/p>\n\n\n\n<p class=\"has-large-font-size\">L&rsquo;<strong>Ensemble De CAELIS<\/strong>, sous la direction de Laurence Brisset, fera preuve de sa perfection habituelle, mais aussi d\u2019un go\u00fbt du jeu, de l\u2019exp\u00e9rimentation et surtout une passion contagieuse pour les mots, la dr\u00f4lerie du verbe.<\/p>\n<\/div><\/div>\n\n\n\n<p class=\"has-large-font-size\">Leur programme <em>\u00ab\u00a0<strong>Les Bavardes<\/strong>\u00ab\u00a0<\/em> m\u00eale des pi\u00e8ces de John Cage, Steve Reich, Georges Aperghis. Des motets anonymes des XIIIe &#8211; XIVe si\u00e8cles, C. Jannequin, G. de Machaut, et po\u00e9sies de Gh\u00e9rassim Luca.<\/p>\n\n\n\n<p class=\"has-large-font-size\" id=\"block-e3a09220-dd61-4609-9acb-5929a945b7f1\">D\u00e9couvrez-les avec cette <em><a rel=\"noreferrer noopener\" href=\"https:\/\/www.youtube.com\/watch?v=bZQI-n6z0Qw\" target=\"_blank\"><strong>vid\u00e9o<\/strong><\/a><\/em>, ainsi que sur leur <strong><em><a rel=\"noreferrer noopener\" href=\"https:\/\/www.decaelis.fr\/#\" target=\"_blank\">site internet<\/a><\/em><\/strong>.<\/p>\n\n\n\n<p><\/p>\n\n\n\n<p><\/p>\n\n\n\n<hr class=\"wp-block-separator aligncenter is-style-wide\"\/>\n\n\n\n<p style=\"font-size:19px\">  Il est fortement recommand\u00e9 de <strong>r\u00e9server en ligne<\/strong> en cliquant sur le bouton ci-dessous, ou en appelant le 06-08-24-96-61.     <\/p>\n\n\n\n<div class=\"wp-block-buttons is-horizontal is-content-justification-center is-layout-flex wp-container-core-buttons-is-layout-499968f5 wp-block-buttons-is-layout-flex\">\n<div class=\"wp-block-button\"><a class=\"wp-block-button__link\" href=\"https:\/\/ritmy.fr\/essais\/reserver\/\"> R<strong>\u00c9<\/strong>SERVER vos BILLETS <\/a><\/div>\n<\/div>\n\n\n\n<p class=\"has-very-light-gray-background-color has-background has-large-font-size\">Le concert se d\u00e9roulera de mani\u00e8re \u00e0&nbsp;<strong>garantir la s\u00e9curit\u00e9 de tous<\/strong>, nous appliquerons toutes les mesures sanitaires en vigueur.  (<em>plus d&rsquo;informations sur notre <strong>Protocole sanitaire<\/strong> dans cette<\/em> <a rel=\"noreferrer noopener\" href=\"https:\/\/ritmy.fr\/essais\/protocole-sanitaire\/\" target=\"_blank\"><span style=\"text-decoration: underline;\"><em>PAGE<\/em><\/span><\/a>)<\/p>\n\n\n\n<p class=\"has-very-light-gray-background-color has-background has-large-font-size\"> Afin de fluidifier l&rsquo;accueil du public, l&rsquo;ouverture des portes se fera <strong>\u00e0 partir de 16 h 15.<\/strong> <\/p>\n\n\n\n<hr class=\"wp-block-separator is-style-wide\"\/>\n\n\n\n<div class=\"wp-block-columns is-layout-flex wp-container-core-columns-is-layout-9d6595d7 wp-block-columns-is-layout-flex\">\n<div class=\"wp-block-column is-layout-flow wp-block-column-is-layout-flow\" style=\"flex-basis:51%\">\n<div style=\"height:45px\" aria-hidden=\"true\" class=\"wp-block-spacer\"><\/div>\n\n\n\n<p class=\"has-text-align-center has-large-font-size\">Rendez-vous \u00e0  17h00 \u00e0 l&rsquo;\u00e9glise Saint-Denis<\/p>\n<\/div>\n\n\n\n<div class=\"wp-block-column is-layout-flow wp-block-column-is-layout-flow\" style=\"flex-basis:49%\">\n<iframe src=\"https:\/\/www.google.com\/maps\/embed?pb=!1m18!1m12!1m3!1d2628.676852994581!2d1.8174645158354337!3d48.78805921361004!2m3!1f0!2f0!3f0!3m2!1i1024!2i768!4f13.1!3m3!1m2!1s0x47e699539a67fc5b%3A0x9eb5f97c1ec54ad0!2sEglise%20Saint%20Denis!5e0!3m2!1sfr!2sfr!4v1631356768591!5m2!1sfr!2sfr\" style=\"border:0;\" allowfullscreen=\"\" loading=\"lazy\" width=\"600\" height=\"450\"><\/iframe>\n<\/div>\n<\/div>\n\n\n\n<div class=\"wp-block-media-text is-stacked-on-mobile\" style=\"grid-template-columns:24% auto\"><figure class=\"wp-block-media-text__media\"><img loading=\"lazy\" decoding=\"async\" width=\"599\" height=\"308\" src=\"https:\/\/ritmy.fr\/essais\/wp-content\/uploads\/2015\/11\/Logo_ASCL-JPG.jpg\" alt=\"Logo_ASCL-JPG\" class=\"wp-image-13197 size-full\" srcset=\"https:\/\/ritmy.fr\/essais\/wp-content\/uploads\/2015\/11\/Logo_ASCL-JPG.jpg 599w, https:\/\/ritmy.fr\/essais\/wp-content\/uploads\/2015\/11\/Logo_ASCL-JPG-300x154.jpg 300w\" sizes=\"auto, (max-width: 599px) 100vw, 599px\" \/><\/figure><div class=\"wp-block-media-text__content\">\n<p class=\"has-large-font-size\">Concert organis\u00e9 conjointement par RITMY&nbsp;et l&rsquo;ASCL de&nbsp;M\u00c9R\u00c9<\/p>\n<\/div><\/div>\n\n\n\n<div class=\"wp-block-media-text is-stacked-on-mobile\" style=\"grid-template-columns:23% auto\"><figure class=\"wp-block-media-text__media\"><img loading=\"lazy\" decoding=\"async\" width=\"1000\" height=\"500\" src=\"https:\/\/ritmy.fr\/essais\/wp-content\/uploads\/2018\/09\/SPEDIDAM-ENCADRE-r\u00e9duit-1000x500.jpg\" alt=\"\" class=\"wp-image-18150 size-full\" srcset=\"https:\/\/ritmy.fr\/essais\/wp-content\/uploads\/2018\/09\/SPEDIDAM-ENCADRE-r\u00e9duit-1000x500.jpg 1000w, https:\/\/ritmy.fr\/essais\/wp-content\/uploads\/2018\/09\/SPEDIDAM-ENCADRE-r\u00e9duit-300x150.jpg 300w, https:\/\/ritmy.fr\/essais\/wp-content\/uploads\/2018\/09\/SPEDIDAM-ENCADRE-r\u00e9duit-768x384.jpg 768w, https:\/\/ritmy.fr\/essais\/wp-content\/uploads\/2018\/09\/SPEDIDAM-ENCADRE-r\u00e9duit.jpg 1100w\" sizes=\"auto, (max-width: 1000px) 100vw, 1000px\" \/><\/figure><div class=\"wp-block-media-text__content\">\n<p class=\"has-large-font-size\"> RITMY b\u00e9n\u00e9ficie du soutien de la SPEDIDAM. <\/p>\n<\/div><\/div>\n","protected":false},"excerpt":{"rendered":"<p>Ensemble De CAELIS &#8211; \u00ab\u00a0Les Bavardes\u00a0\u00bbM\u00c9R\u00c9 &#8211; Dimanche 10 avril 2022, \u00e0 17h, \u00e9glise Saint-Denis Cinq chanteuses, rejointes par une r\u00e9citante, nous proposent un programme exub\u00e9rant montrant que la \u00ab\u00a0musique savante\u00a0\u00bb peut s\u2019accommoder de l\u2019humour, de la th\u00e9\u00e2tralit\u00e9 et m\u00eame d\u2019une pointe de folie. Ce concert sc\u00e9nographi\u00e9 s\u2019adresse \u00e0 tous les publics et m\u00eale joyeusement &hellip; <\/p>\n<p><a class=\"more-link btn\" href=\"https:\/\/ritmy.fr\/essais\/concerts-2\/concerts-32eme-saison-2-mobile\/ensemble-de-caelis\/\">Lire la suite<\/a><\/p>\n","protected":false},"author":5,"featured_media":0,"parent":26361,"menu_order":6,"comment_status":"closed","ping_status":"closed","template":"","meta":{"footnotes":""},"class_list":["post-26464","page","type-page","status-publish","hentry","nodate","item-wrap"],"_links":{"self":[{"href":"https:\/\/ritmy.fr\/essais\/wp-json\/wp\/v2\/pages\/26464","targetHints":{"allow":["GET"]}}],"collection":[{"href":"https:\/\/ritmy.fr\/essais\/wp-json\/wp\/v2\/pages"}],"about":[{"href":"https:\/\/ritmy.fr\/essais\/wp-json\/wp\/v2\/types\/page"}],"author":[{"embeddable":true,"href":"https:\/\/ritmy.fr\/essais\/wp-json\/wp\/v2\/users\/5"}],"replies":[{"embeddable":true,"href":"https:\/\/ritmy.fr\/essais\/wp-json\/wp\/v2\/comments?post=26464"}],"version-history":[{"count":16,"href":"https:\/\/ritmy.fr\/essais\/wp-json\/wp\/v2\/pages\/26464\/revisions"}],"predecessor-version":[{"id":27216,"href":"https:\/\/ritmy.fr\/essais\/wp-json\/wp\/v2\/pages\/26464\/revisions\/27216"}],"up":[{"embeddable":true,"href":"https:\/\/ritmy.fr\/essais\/wp-json\/wp\/v2\/pages\/26361"}],"wp:attachment":[{"href":"https:\/\/ritmy.fr\/essais\/wp-json\/wp\/v2\/media?parent=26464"}],"curies":[{"name":"wp","href":"https:\/\/api.w.org\/{rel}","templated":true}]}}