{"id":17527,"date":"2018-01-29T18:48:03","date_gmt":"2018-01-29T17:48:03","guid":{"rendered":"http:\/\/ritmy.fr\/essais\/?page_id=17527"},"modified":"2025-05-03T16:25:45","modified_gmt":"2025-05-03T15:25:45","slug":"ensemble-il-festino","status":"publish","type":"page","link":"https:\/\/ritmy.fr\/essais\/concerts-2\/ensemble-il-festino\/","title":{"rendered":"L&rsquo;Ensemble &lsquo;IL FESTINO&rsquo;,  \u00e0 Houdan le 25 mars 2018"},"content":{"rendered":"<h1 style=\"text-align: center;\"><strong><span style=\"color: #000080;\">Ensemble\u00a0&lsquo;IL FESTINO&rsquo;<\/span><\/strong><\/h1>\n<h1 style=\"text-align: center;\"><strong><span style=\"color: #000080;\"><em>L&rsquo;Europe galante au XVII\u00b0 si\u00e8cle<\/em><\/span><\/strong><\/h1>\n<h2 style=\"text-align: center;\"><span style=\"color: #000080;\"><strong>\u00e0 HOUDAN, le Dimanche 25\u00a0mars 2018 \u00e0 17h00,\u00a0Eglise Saint-Jacques<\/strong><\/span><\/h2>\n<h4 style=\"text-align: justify;\"><span style=\"color: #333399;\">Dirig\u00e9 par le luthiste <strong>Manuel de GRANGE<\/strong>, l\u2019ensemble baroque\u00a0<strong>&lsquo;IL FESTINO&rsquo;<\/strong>\u00a0est fid\u00e8le \u00e0 l\u2019esth\u00e9tique et aux r\u00e8gles d\u00e9clamatoires du <strong>17\u00e8me si\u00e8cle<\/strong>, valables <strong>pour le chant et le r\u00e9cit<\/strong>, mais aussi pour la musique instrumentale, jou\u00e9e sur <strong>instruments anciens<\/strong>.<\/span><\/h4>\n<h4 style=\"text-align: justify;\">L\u2019ensemble cherche \u00e0 <strong>associer les vers et les airs d\u2019une m\u00eame \u00e9poque<\/strong> dans un jeu de miroir afin de transmettre au public un instant d&rsquo;\u00e9motion, dans un esprit presque th\u00e9\u00e2tral.<\/h4>\n<div id=\"attachment_17401\" style=\"width: 480px\" class=\"wp-caption aligncenter\"><img loading=\"lazy\" decoding=\"async\" aria-describedby=\"caption-attachment-17401\" class=\"wp-image-17401\" src=\"https:\/\/ritmy.fr\/essais\/wp-content\/uploads\/2018\/01\/IL-FESTINO-RETENUE-Prog-copie.jpg\" alt=\"\" width=\"480\" height=\"337\" srcset=\"https:\/\/ritmy.fr\/essais\/wp-content\/uploads\/2018\/01\/IL-FESTINO-RETENUE-Prog-copie.jpg 800w, https:\/\/ritmy.fr\/essais\/wp-content\/uploads\/2018\/01\/IL-FESTINO-RETENUE-Prog-copie-300x211.jpg 300w, https:\/\/ritmy.fr\/essais\/wp-content\/uploads\/2018\/01\/IL-FESTINO-RETENUE-Prog-copie-768x540.jpg 768w\" sizes=\"auto, (max-width: 480px) 100vw, 480px\" \/><p id=\"caption-attachment-17401\" class=\"wp-caption-text\">IL FESTINO<\/p><\/div>\n<h4 style=\"text-align: justify;\"><span style=\"color: #333399;\"><strong>Une soprano et un t\u00e9nor dialoguent en vers et en musique et se prom\u00e8nent dans l&rsquo;Europe galante du XVII\u00b0 si\u00e8cle.<\/strong><\/span><\/h4>\n<h4 style=\"text-align: justify;\">Des musiciens les accompagnent <strong>sur instruments d&rsquo;\u00e9poque<\/strong> (luths, violes, guitares), ainsi qu&rsquo;avec\u00a0une <strong>harpe<\/strong>, et renforcent par leur jeu ce que la parole d\u00e9crit.<\/h4>\n<h4 style=\"text-align: justify;\">Ils mettent en \u00e9vidence le sublime de <strong>quatre langues diff\u00e9rentes<\/strong> par l&rsquo;alternance des airs et des vers \u00e9crits par <strong>les plus grands musiciens de leur temps<\/strong>\u00a0: Luzzaschi, Cavalli, Frescobaldi, Monteverdi (Italie),\u00a0Boesset, Gu\u00e9dron, Moulini\u00e9 (France),\u00a0Sanz (Espagne),\u00a0Dowland, Purcell (Angleterre).<\/h4>\n<h4 style=\"text-align: justify;\">L&rsquo;<span style=\"text-decoration: underline;\"><span style=\"color: #333399;\"><strong>Ensemble IL FESTINO<\/strong> <\/span><\/span>est compos\u00e9 de<span style=\"color: #333399;\"><strong> Manuel <\/strong><strong>de <\/strong><strong>Grange <\/strong><\/span>(Luth, Guitare, Th\u00e9orbe et direction), <span style=\"color: #333399;\"><strong>D<\/strong><strong>agmar<\/strong> <strong>Saskova <\/strong><\/span>(Soprano),\u00a0<span style=\"color: #333399;\"><strong>Francisco Javier <\/strong><strong>Ma<\/strong><strong>\u00f1<\/strong><strong>alich <\/strong><\/span>(T\u00e9nor et Viole),\u00a0<span style=\"color: #333399;\"><strong>Aude-Marie Piloz<\/strong><\/span><strong>\u00a0<\/strong>(Viole), et\u00a0<span style=\"color: #333399;\"><strong>Maria Christina <\/strong><strong>Cleary<\/strong><\/span>\u00a0(Harpe).<\/h4>\n<div id=\"attachment_17406\" style=\"width: 400px\" class=\"wp-caption alignleft\"><img loading=\"lazy\" decoding=\"async\" aria-describedby=\"caption-attachment-17406\" class=\"wp-image-17406\" src=\"https:\/\/ritmy.fr\/essais\/wp-content\/uploads\/2018\/01\/Il-Festino-10.jpg\" alt=\"\" width=\"400\" height=\"267\" srcset=\"https:\/\/ritmy.fr\/essais\/wp-content\/uploads\/2018\/01\/Il-Festino-10.jpg 960w, https:\/\/ritmy.fr\/essais\/wp-content\/uploads\/2018\/01\/Il-Festino-10-300x200.jpg 300w, https:\/\/ritmy.fr\/essais\/wp-content\/uploads\/2018\/01\/Il-Festino-10-768x512.jpg 768w\" sizes=\"auto, (max-width: 400px) 100vw, 400px\" \/><p id=\"caption-attachment-17406\" class=\"wp-caption-text\">Manuel de Grange (Luth, Guitare, Th\u00e9orbe) et Dagmar Saskova (Soprano)<\/p><\/div>\n<div id=\"attachment_17407\" style=\"width: 213px\" class=\"wp-caption alignright\"><img loading=\"lazy\" decoding=\"async\" aria-describedby=\"caption-attachment-17407\" class=\"wp-image-17407\" src=\"https:\/\/ritmy.fr\/essais\/wp-content\/uploads\/2018\/01\/Il-Festino-11.jpg\" alt=\"\" width=\"213\" height=\"320\" srcset=\"https:\/\/ritmy.fr\/essais\/wp-content\/uploads\/2018\/01\/Il-Festino-11.jpg 640w, https:\/\/ritmy.fr\/essais\/wp-content\/uploads\/2018\/01\/Il-Festino-11-200x300.jpg 200w\" sizes=\"auto, (max-width: 213px) 100vw, 213px\" \/><p id=\"caption-attachment-17407\" class=\"wp-caption-text\">Francisco Javier Ma\u00f1alich (T\u00e9nor et Viole)<\/p><\/div>\n<p>&nbsp;<\/p>\n<p>&nbsp;<\/p>\n<p>&nbsp;<\/p>\n<p>&nbsp;<\/p>\n<p>&nbsp;<\/p>\n<p>&nbsp;<\/p>\n<p>&nbsp;<\/p>\n<p>&nbsp;<\/p>\n<p>&nbsp;<\/p>\n<p>&nbsp;<\/p>\n<p>&nbsp;<\/p>\n<p>&nbsp;<\/p>\n<p>&nbsp;<\/p>\n<h4 style=\"text-align: justify;\">Des <strong>chanteurs et musiciens<\/strong> qui collaborent \u00e9galement avec\u00a0<strong>plusieurs ensembles\u00a0baroques prestigieux<\/strong>, comme Pygmalion, Les Paladins, le Po\u00e8me Harmonique, Cl\u00e9ment Janequin&#8230; et interviennent dans des <strong>productions d&rsquo;op\u00e9ras<\/strong> de cette \u00e9poque.<\/h4>\n<div id=\"attachment_17409\" style=\"width: 293px\" class=\"wp-caption alignleft\"><img loading=\"lazy\" decoding=\"async\" aria-describedby=\"caption-attachment-17409\" class=\"wp-image-17409\" src=\"https:\/\/ritmy.fr\/essais\/wp-content\/uploads\/2018\/01\/Aude-Marie-Piloz-copie.jpg\" alt=\"\" width=\"293\" height=\"300\" srcset=\"https:\/\/ritmy.fr\/essais\/wp-content\/uploads\/2018\/01\/Aude-Marie-Piloz-copie.jpg 350w, https:\/\/ritmy.fr\/essais\/wp-content\/uploads\/2018\/01\/Aude-Marie-Piloz-copie-293x300.jpg 293w\" sizes=\"auto, (max-width: 293px) 100vw, 293px\" \/><p id=\"caption-attachment-17409\" class=\"wp-caption-text\">Aude-Marie Piloz (Viole)<\/p><\/div>\n<div id=\"attachment_17408\" style=\"width: 350px\" class=\"wp-caption alignright\"><img loading=\"lazy\" decoding=\"async\" aria-describedby=\"caption-attachment-17408\" class=\"wp-image-17408\" src=\"https:\/\/ritmy.fr\/essais\/wp-content\/uploads\/2018\/01\/Maria-Christina-Cleary.jpg\" alt=\"\" width=\"350\" height=\"208\" srcset=\"https:\/\/ritmy.fr\/essais\/wp-content\/uploads\/2018\/01\/Maria-Christina-Cleary.jpg 999w, https:\/\/ritmy.fr\/essais\/wp-content\/uploads\/2018\/01\/Maria-Christina-Cleary-300x178.jpg 300w, https:\/\/ritmy.fr\/essais\/wp-content\/uploads\/2018\/01\/Maria-Christina-Cleary-768x456.jpg 768w\" sizes=\"auto, (max-width: 350px) 100vw, 350px\" \/><p id=\"caption-attachment-17408\" class=\"wp-caption-text\">Maria Christina Cleary (Harpe)<\/p><\/div>\n<p>&nbsp;<\/p>\n<p>&nbsp;<\/p>\n<p>&nbsp;<\/p>\n<p>&nbsp;<\/p>\n<p>&nbsp;<\/p>\n<p>&nbsp;<\/p>\n<p>&nbsp;<\/p>\n<p>&nbsp;<\/p>\n<p>&nbsp;<\/p>\n<p>&nbsp;<\/p>\n<p>&nbsp;<\/p>\n<p>&nbsp;<\/p>\n<h4 style=\"text-align: justify;\">Depuis sa cr\u00e9ation en 2009, <span style=\"color: #333399;\"><strong>Il FESTINO<\/strong><\/span>\u00a0se produit en concert dans <strong>d\u2019importants festivals<\/strong> en France et \u00e0 l\u2019\u00e9tranger (Festival Baroque de Pontoise, Lanvellec, Haut Jura, Namur, au Chili\u2026) et sur des <strong>sc\u00e8nes nationales<\/strong> de renom. Ils ont d\u00e9j\u00e0 enregistr\u00e9 <strong>3\u00a0albums<\/strong>.<\/h4>\n<h4><em><strong>Voici une vid\u00e9o qui vous permettra de les d\u00e9couvrir, avec des airs en italien d&rsquo;Etienne Moulini\u00e9, Antoine Boesset et Gabriel Bataille, compl\u00e9t\u00e9 par des commentaires de Manuel De Grange :<\/strong><\/em><\/h4>\n<p><iframe loading=\"lazy\" src=\"https:\/\/www.youtube.com\/embed\/PtnbAPZuGns?rel=0\" width=\"560\" height=\"315\" frameborder=\"0\" allowfullscreen=\"allowfullscreen\" data-mce-fragment=\"1\"><\/iframe><\/p>\n<h3 style=\"text-align: justify;\"><span style=\"color: #333399;\"><strong>L&rsquo;Ensemble\u00a0IL FESTINO nous fera revivre tout le raffinement\u00a0de l&rsquo;Europe galante du XVII\u00b0 si\u00e8cle.<\/strong><\/span><\/h3>\n<h3 style=\"text-align: justify;\"><span style=\"color: #333399;\"><strong>Un instant unique, ne manquez pas l&rsquo;occasion de vous plonger dans cette atmosph\u00e8re de chansons, arias, canciones et songs&#8230;<\/strong><\/span><\/h3>\n<h3><span style=\"color: #ff0000;\"><strong>Il est <span style=\"text-decoration: underline;\">recommand\u00e9 de r\u00e9server ses places<\/span>, soit directement dans notre site, en allant dans la rubrique\u00a0<span style=\"text-decoration: underline;\"><em><a href=\"https:\/\/ritmy.fr\/essais\/reserver\/vos-billets\/\" target=\"_blank\" rel=\"noopener\">&lsquo;RESERVER<\/a>&lsquo;<\/em><\/span>\u00a0,<\/strong><\/span><\/h3>\n<h3><strong style=\"color: #ff0000;\">ou en t\u00e9l\u00e9phonant au\u00a0<\/strong><strong><span style=\"color: #ff0000;\"><em><span style=\"text-decoration: underline;\">06-08-02-22-22<\/span><\/em>\u00a0 (Ecole de Musique de Houdan).<\/span><\/strong><\/h3>\n<hr \/>\n<h3 style=\"text-align: left;\"><span style=\"color: #808080;\"><strong>Ce concert est organis\u00e9 conjointement par RITMY et l&rsquo; Ecole de Musique de\u00a0<\/strong><\/span><span style=\"color: #808080;\"><strong>HOUDAN<\/strong><\/span><\/h3>\n<p><a href=\"https:\/\/ritmy.fr\/essais\/wp-content\/uploads\/2015\/09\/emh.png\"><img loading=\"lazy\" decoding=\"async\" class=\"aligncenter wp-image-12785\" src=\"https:\/\/ritmy.fr\/essais\/wp-content\/uploads\/2015\/09\/emh.png\" alt=\"emh\" width=\"360\" height=\"65\" srcset=\"https:\/\/ritmy.fr\/essais\/wp-content\/uploads\/2015\/09\/emh.png 475w, https:\/\/ritmy.fr\/essais\/wp-content\/uploads\/2015\/09\/emh-300x54.png 300w\" sizes=\"auto, (max-width: 360px) 100vw, 360px\" \/><\/a><\/p>\n<hr \/>\n<h4 style=\"text-align: left;\"><a href=\"https:\/\/ritmy.fr\/essais\/wp-content\/uploads\/2015\/09\/logo_spedidam.jpg\"><img loading=\"lazy\" decoding=\"async\" class=\"wp-image-12745 alignright\" src=\"https:\/\/ritmy.fr\/essais\/wp-content\/uploads\/2015\/09\/logo_spedidam.jpg\" alt=\"LOGOS spedidam 2009\" width=\"169\" height=\"92\" srcset=\"https:\/\/ritmy.fr\/essais\/wp-content\/uploads\/2015\/09\/logo_spedidam.jpg 826w, https:\/\/ritmy.fr\/essais\/wp-content\/uploads\/2015\/09\/logo_spedidam-300x164.jpg 300w\" sizes=\"auto, (max-width: 169px) 100vw, 169px\" \/><\/a><\/h4>\n<h2 style=\"text-align: center;\"><span style=\"color: #808080;\"><strong>RITMY b\u00e9n\u00e9fice du soutien de la SPEDIDAM<\/strong><\/span><\/h2>\n","protected":false},"excerpt":{"rendered":"<p>Ensemble\u00a0&lsquo;IL FESTINO&rsquo; L&rsquo;Europe galante au XVII\u00b0 si\u00e8cle \u00e0 HOUDAN, le Dimanche 25\u00a0mars 2018 \u00e0 17h00,\u00a0Eglise Saint-Jacques Dirig\u00e9 par le luthiste Manuel de GRANGE, l\u2019ensemble baroque\u00a0&lsquo;IL FESTINO&rsquo;\u00a0est fid\u00e8le \u00e0 l\u2019esth\u00e9tique et aux r\u00e8gles d\u00e9clamatoires du 17\u00e8me si\u00e8cle, valables pour le chant et le r\u00e9cit, mais aussi pour la musique instrumentale, jou\u00e9e sur instruments anciens. L\u2019ensemble cherche &hellip; <\/p>\n<p><a class=\"more-link btn\" href=\"https:\/\/ritmy.fr\/essais\/concerts-2\/ensemble-il-festino\/\">Lire la suite<\/a><\/p>\n","protected":false},"author":3,"featured_media":0,"parent":11,"menu_order":25,"comment_status":"closed","ping_status":"closed","template":"","meta":{"footnotes":""},"class_list":["post-17527","page","type-page","status-publish","hentry","nodate","item-wrap"],"_links":{"self":[{"href":"https:\/\/ritmy.fr\/essais\/wp-json\/wp\/v2\/pages\/17527","targetHints":{"allow":["GET"]}}],"collection":[{"href":"https:\/\/ritmy.fr\/essais\/wp-json\/wp\/v2\/pages"}],"about":[{"href":"https:\/\/ritmy.fr\/essais\/wp-json\/wp\/v2\/types\/page"}],"author":[{"embeddable":true,"href":"https:\/\/ritmy.fr\/essais\/wp-json\/wp\/v2\/users\/3"}],"replies":[{"embeddable":true,"href":"https:\/\/ritmy.fr\/essais\/wp-json\/wp\/v2\/comments?post=17527"}],"version-history":[{"count":17,"href":"https:\/\/ritmy.fr\/essais\/wp-json\/wp\/v2\/pages\/17527\/revisions"}],"predecessor-version":[{"id":18160,"href":"https:\/\/ritmy.fr\/essais\/wp-json\/wp\/v2\/pages\/17527\/revisions\/18160"}],"up":[{"embeddable":true,"href":"https:\/\/ritmy.fr\/essais\/wp-json\/wp\/v2\/pages\/11"}],"wp:attachment":[{"href":"https:\/\/ritmy.fr\/essais\/wp-json\/wp\/v2\/media?parent=17527"}],"curies":[{"name":"wp","href":"https:\/\/api.w.org\/{rel}","templated":true}]}}